CRAN Package Check Results for Package cancerGI

Last updated on 2019-11-22 00:49:08 CET.

Flavor Version Tinstall Tcheck Ttotal Status Flags
r-devel-linux-x86_64-debian-clang 1.0.0 9.63 87.58 97.21 NOTE
r-devel-linux-x86_64-debian-gcc 1.0.0 8.97 70.86 79.83 NOTE
r-devel-linux-x86_64-fedora-clang 1.0.0 114.85 NOTE
r-devel-linux-x86_64-fedora-gcc 1.0.0 119.12 NOTE
r-devel-windows-ix86+x86_64 1.0.0 40.00 144.00 184.00 OK
r-devel-windows-ix86+x86_64-gcc8 1.0.0 27.00 95.00 122.00 OK
r-patched-linux-x86_64 1.0.0 9.03 82.16 91.19 OK
r-patched-solaris-x86 1.0.0 182.60 OK
r-release-linux-x86_64 1.0.0 9.97 82.01 91.98 OK
r-release-windows-ix86+x86_64 1.0.0 38.00 148.00 186.00 OK
r-release-osx-x86_64 1.0.0 OK
r-oldrel-windows-ix86+x86_64 1.0.0 14.00 142.00 156.00 OK
r-oldrel-osx-x86_64 1.0.0 OK

Check Details

Version: 1.0.0
Check: for non-standard things in the check directory
Result: NOTE
    Found the following files/directories:
     'tmp.txt'
Flavors: r-devel-linux-x86_64-debian-clang, r-devel-linux-x86_64-debian-gcc, r-devel-linux-x86_64-fedora-clang, r-devel-linux-x86_64-fedora-gcc