CRAN Package Check Results for Package cancerGI

Last updated on 2019-07-16 00:48:01 CEST.

Flavor Version Tinstall Tcheck Ttotal Status Flags
r-devel-linux-x86_64-debian-clang 1.0.0 9.24 86.67 95.91 NOTE
r-devel-linux-x86_64-debian-gcc 1.0.0 7.13 67.50 74.63 NOTE
r-devel-linux-x86_64-fedora-clang 1.0.0 112.96 NOTE
r-devel-linux-x86_64-fedora-gcc 1.0.0 111.97 NOTE
r-devel-windows-ix86+x86_64 1.0.0 34.00 146.00 180.00 OK
r-patched-linux-x86_64 1.0.0 9.76 83.91 93.67 OK
r-patched-solaris-x86 1.0.0 183.50 OK
r-release-linux-x86_64 1.0.0 10.20 82.86 93.06 OK
r-release-windows-ix86+x86_64 1.0.0 22.00 144.00 166.00 OK
r-release-osx-x86_64 1.0.0 ERROR
r-oldrel-windows-ix86+x86_64 1.0.0 23.00 98.00 121.00 OK
r-oldrel-osx-x86_64 1.0.0 OK

Check Details

Version: 1.0.0
Check: for non-standard things in the check directory
Result: NOTE
    Found the following files/directories:
     'tmp.txt'
Flavors: r-devel-linux-x86_64-debian-clang, r-devel-linux-x86_64-debian-gcc, r-devel-linux-x86_64-fedora-clang, r-devel-linux-x86_64-fedora-gcc

Version: 1.0.0
Check: package dependencies
Result: ERROR
    Package required but not available: ‘qvalue’
    
    See section ‘The DESCRIPTION file’ in the ‘Writing R Extensions’
    manual.
Flavor: r-release-osx-x86_64