CRAN Package Check Results for Package caret

Last updated on 2019-08-26 00:47:20 CEST.

Flavor Version Tinstall Tcheck Ttotal Status Flags
r-devel-linux-x86_64-debian-clang 6.0-84 35.09 579.06 614.15 OK
r-devel-linux-x86_64-debian-gcc 6.0-84 27.13 422.97 450.10 OK
r-devel-linux-x86_64-fedora-clang 6.0-84 666.70 NOTE
r-devel-linux-x86_64-fedora-gcc 6.0-84 644.15 OK
r-devel-windows-ix86+x86_64 6.0-84 82.00 983.00 1065.00 NOTE --no-vignettes
r-patched-linux-x86_64 6.0-84 31.39 513.45 544.84 OK
r-patched-solaris-x86 6.0-84 962.90 NOTE
r-release-linux-x86_64 6.0-84 32.51 510.89 543.40 OK
r-release-windows-ix86+x86_64 6.0-84 71.00 1001.00 1072.00 NOTE --no-vignettes
r-release-osx-x86_64 6.0-84 NOTE
r-oldrel-windows-ix86+x86_64 6.0-84 56.00 971.00 1027.00 NOTE --no-vignettes
r-oldrel-osx-x86_64 6.0-84 NOTE

Check Details

Version: 6.0-84
Check: installed package size
Result: NOTE
     installed size is 6.6Mb
     sub-directories of 1Mb or more:
     R 1.1Mb
     data 1.5Mb
     models 2.4Mb
Flavors: r-devel-linux-x86_64-fedora-clang, r-patched-solaris-x86, r-release-osx-x86_64, r-oldrel-osx-x86_64

Version: 6.0-84
Flags: --no-vignettes
Check: installed package size
Result: NOTE
     installed size is 6.5Mb
     sub-directories of 1Mb or more:
     R 1.1Mb
     data 1.5Mb
     models 2.4Mb
Flavors: r-devel-windows-ix86+x86_64, r-release-windows-ix86+x86_64, r-oldrel-windows-ix86+x86_64