CRAN Package Check Results for Package cartools

Last updated on 2019-06-18 00:51:30 CEST.

Flavor Version Tinstall Tcheck Ttotal Status Flags
r-devel-linux-x86_64-debian-clang 0.1.0 8.02 54.85 62.87 OK
r-devel-linux-x86_64-debian-gcc 0.1.0 6.49 43.43 49.92 OK
r-devel-linux-x86_64-fedora-clang 0.1.0 73.43 NOTE
r-devel-linux-x86_64-fedora-gcc 0.1.0 71.01 NOTE
r-devel-windows-ix86+x86_64 0.1.0 21.00 102.00 123.00 OK
r-patched-linux-x86_64 0.1.0 7.89 55.92 63.81 OK
r-patched-solaris-x86 0.1.0 99.30 NOTE
r-release-linux-x86_64 0.1.0 8.18 55.86 64.04 OK
r-release-windows-ix86+x86_64 0.1.0 15.00 94.00 109.00 OK
r-release-osx-x86_64 0.1.0 NOTE
r-oldrel-windows-ix86+x86_64 0.1.0 13.00 96.00 109.00 OK
r-oldrel-osx-x86_64 0.1.0 NOTE

Check Details

Version: 0.1.0
Check: dependencies in R code
Result: NOTE
    Namespaces in Imports field not imported from:
     ‘animation’ ‘devtools’ ‘gapminder’ ‘knitr’ ‘rlist’ ‘rmarkdown’
     ‘roxygen2’ ‘sde’ ‘shiny’ ‘tidyverse’ ‘usethis’ ‘utils’
     All declared Imports should be used.
Flavors: r-devel-linux-x86_64-fedora-clang, r-devel-linux-x86_64-fedora-gcc, r-patched-solaris-x86, r-release-osx-x86_64, r-oldrel-osx-x86_64