CRAN Package Check Results for Package cartools

Last updated on 2019-09-17 00:49:10 CEST.

Flavor Version Tinstall Tcheck Ttotal Status Flags
r-devel-linux-x86_64-debian-clang 0.1.0 7.72 54.97 62.69 NOTE
r-devel-linux-x86_64-debian-gcc 0.1.0 NOTE
r-devel-linux-x86_64-fedora-clang 0.1.0 75.83 NOTE
r-devel-linux-x86_64-fedora-gcc 0.1.0 73.60 NOTE
r-devel-windows-ix86+x86_64 0.1.0 34.00 100.00 134.00 NOTE
r-patched-linux-x86_64 0.1.0 8.34 54.66 63.00 OK
r-patched-solaris-x86 0.1.0 99.90 NOTE
r-release-linux-x86_64 0.1.0 7.15 55.78 62.93 OK
r-release-windows-ix86+x86_64 0.1.0 14.00 66.00 80.00 OK
r-release-osx-x86_64 0.1.0 NOTE
r-oldrel-windows-ix86+x86_64 0.1.0 24.00 94.00 118.00 OK
r-oldrel-osx-x86_64 0.1.0 NOTE

Check Details

Version: 0.1.0
Check: package vignettes
Result: NOTE
    Package vignette with placeholder title 'Vignette Title':
     'cartools.Rmd'
Flavors: r-devel-linux-x86_64-debian-clang, r-devel-linux-x86_64-debian-gcc, r-devel-windows-ix86+x86_64

Version: 0.1.0
Check: dependencies in R code
Result: NOTE
    Namespaces in Imports field not imported from:
     ‘animation’ ‘devtools’ ‘gapminder’ ‘knitr’ ‘rlist’ ‘rmarkdown’
     ‘roxygen2’ ‘sde’ ‘shiny’ ‘tidyverse’ ‘usethis’ ‘utils’
     All declared Imports should be used.
Flavors: r-devel-linux-x86_64-fedora-clang, r-devel-linux-x86_64-fedora-gcc, r-patched-solaris-x86, r-release-osx-x86_64, r-oldrel-osx-x86_64