CRAN Package Check Results for Package castor

Last updated on 2019-07-16 00:48:01 CEST.

Flavor Version Tinstall Tcheck Ttotal Status Flags
r-devel-linux-x86_64-debian-clang 1.4.1 66.27 64.60 130.87 OK
r-devel-linux-x86_64-debian-gcc 1.4.1 73.49 51.49 124.98 OK
r-devel-linux-x86_64-fedora-clang 1.4.1 176.92 NOTE
r-devel-linux-x86_64-fedora-gcc 1.4.1 228.03 OK
r-devel-windows-ix86+x86_64 1.4.1 148.00 115.00 263.00 OK
r-patched-linux-x86_64 1.4.1 77.14 66.24 143.38 OK
r-patched-solaris-x86 1.4.1 188.00 OK
r-release-linux-x86_64 1.4.1 79.80 65.95 145.75 OK
r-release-windows-ix86+x86_64 1.4.1 108.00 144.00 252.00 OK
r-release-osx-x86_64 1.4.1 NOTE
r-oldrel-windows-ix86+x86_64 1.4.1 149.00 100.00 249.00 OK
r-oldrel-osx-x86_64 1.4.1 NOTE

Additional issues

valgrind

Check Details

Version: 1.4.1
Check: installed package size
Result: NOTE
     installed size is 9.9Mb
     sub-directories of 1Mb or more:
     libs 9.0Mb
Flavors: r-devel-linux-x86_64-fedora-clang, r-release-osx-x86_64, r-oldrel-osx-x86_64