CRAN Package Check Results for Package castor

Last updated on 2019-10-15 00:49:50 CEST.

Flavor Version Tinstall Tcheck Ttotal Status Flags
r-devel-linux-x86_64-debian-clang 1.4.3 79.03 68.99 148.02 OK
r-devel-linux-x86_64-debian-gcc 1.4.3 82.92 54.15 137.07 OK
r-devel-linux-x86_64-fedora-clang 1.4.3 191.63 NOTE
r-devel-linux-x86_64-fedora-gcc 1.4.3 233.66 OK
r-devel-windows-ix86+x86_64 1.4.3 114.00 137.00 251.00 OK
r-patched-linux-x86_64 1.4.3 80.21 68.44 148.65 OK
r-patched-solaris-x86 1.4.3 190.80 OK
r-release-linux-x86_64 1.4.3 79.53 69.72 149.25 OK
r-release-windows-ix86+x86_64 1.4.3 157.00 113.00 270.00 OK
r-release-osx-x86_64 1.4.3 NOTE
r-oldrel-windows-ix86+x86_64 1.4.3 103.00 108.00 211.00 OK
r-oldrel-osx-x86_64 1.4.3 NOTE

Additional issues

valgrind

Check Details

Version: 1.4.3
Check: installed package size
Result: NOTE
     installed size is 12.7Mb
     sub-directories of 1Mb or more:
     libs 11.7Mb
Flavors: r-devel-linux-x86_64-fedora-clang, r-release-osx-x86_64, r-oldrel-osx-x86_64