CRAN Package Check Results for Package catnet

Last updated on 2019-08-26 00:47:20 CEST.

Flavor Version Tinstall Tcheck Ttotal Status Flags
r-devel-linux-x86_64-debian-clang 1.15.5 32.41 65.97 98.38 NOTE
r-devel-linux-x86_64-debian-gcc 1.15.5 25.67 52.56 78.23 WARN
r-devel-linux-x86_64-fedora-clang 1.15.5 116.39 NOTE
r-devel-linux-x86_64-fedora-gcc 1.15.5 117.39 WARN
r-devel-windows-ix86+x86_64 1.15.5 109.00 135.00 244.00 OK
r-patched-linux-x86_64 1.15.5 32.91 66.84 99.75 OK
r-patched-solaris-x86 1.15.5 192.50 OK
r-release-linux-x86_64 1.15.5 32.72 66.04 98.76 OK
r-release-windows-ix86+x86_64 1.15.5 78.00 254.00 332.00 OK
r-release-osx-x86_64 1.15.5 OK
r-oldrel-windows-ix86+x86_64 1.15.5 67.00 208.00 275.00 OK
r-oldrel-osx-x86_64 1.15.5 OK

Additional issues

LTO rchk

Check Details

Version: 1.15.5
Check: for non-standard things in the check directory
Result: NOTE
    Found the following files/directories:
     'cnet.dot'
Flavors: r-devel-linux-x86_64-debian-clang, r-devel-linux-x86_64-debian-gcc, r-devel-linux-x86_64-fedora-clang, r-devel-linux-x86_64-fedora-gcc

Version: 1.15.5
Check: whether package can be installed
Result: WARN
    Found the following significant warnings:
     catnet_rexport.cpp:207:63: warning: passing argument 1 to restrict-qualified parameter aliases with argument 3 [-Wrestrict]
     catnet_rexport.cpp:211:34: warning: passing argument 1 to restrict-qualified parameter aliases with argument 3 [-Wrestrict]
     catnet_rexport.cpp:218:45: warning: passing argument 1 to restrict-qualified parameter aliases with argument 3 [-Wrestrict]
     catnet_rexport.cpp:221:65: warning: passing argument 1 to restrict-qualified parameter aliases with argument 3 [-Wrestrict]
     catnet_rexport.cpp:222:36: warning: passing argument 1 to restrict-qualified parameter aliases with argument 3 [-Wrestrict]
     catnet_rexport.cpp:225:36: warning: passing argument 1 to restrict-qualified parameter aliases with argument 3 [-Wrestrict]
     catnet_rexport.cpp:236:63: warning: passing argument 1 to restrict-qualified parameter aliases with argument 3 [-Wrestrict]
     catnet_rexport.cpp:237:36: warning: passing argument 1 to restrict-qualified parameter aliases with argument 3 [-Wrestrict]
     rcatnet.cpp:368:104: warning: passing argument 1 to restrict-qualified parameter aliases with argument 3 [-Wrestrict]
Flavors: r-devel-linux-x86_64-debian-gcc, r-devel-linux-x86_64-fedora-gcc