Last updated on 2019-12-16 00:48:50 CET.
Flavor | Version | Tinstall | Tcheck | Ttotal | Status | Flags |
---|---|---|---|---|---|---|
r-devel-linux-x86_64-debian-clang | 0.3.3 | 74.68 | 35.35 | 110.03 | OK | --no-vignettes |
r-devel-linux-x86_64-debian-gcc | 0.3.3 | 50.28 | 29.08 | 79.36 | OK | --no-vignettes |
r-devel-linux-x86_64-fedora-clang | 0.3.3 | 192.26 | NOTE | |||
r-devel-linux-x86_64-fedora-gcc | 0.3.3 | 173.89 | OK | |||
r-devel-windows-ix86+x86_64 | 0.3.3 | 179.00 | 163.00 | 342.00 | OK | |
r-devel-windows-ix86+x86_64-gcc8 | 0.3.3 | 140.00 | 120.00 | 260.00 | OK | |
r-patched-linux-x86_64 | 0.3.3 | 54.39 | 33.53 | 87.92 | OK | --no-vignettes |
r-patched-solaris-x86 | 0.3.3 | 131.70 | OK | --no-vignettes | ||
r-release-linux-x86_64 | 0.3.3 | 53.88 | 33.41 | 87.29 | OK | --no-vignettes |
r-release-windows-ix86+x86_64 | 0.3.3 | 160.00 | 146.00 | 306.00 | OK | |
r-release-osx-x86_64 | 0.3.3 | OK | ||||
r-oldrel-windows-ix86+x86_64 | 0.3.3 | 143.00 | 116.00 | 259.00 | OK | |
r-oldrel-osx-x86_64 | 0.3.3 | OK |
Version: 0.3.3
Check: installed package size
Result: NOTE
installed size is 5.1Mb
sub-directories of 1Mb or more:
libs 4.6Mb
Flavor: r-devel-linux-x86_64-fedora-clang