CRAN Package Check Results for Package ccafs

Last updated on 2020-02-24 00:48:35 CET.

Flavor Version Tinstall Tcheck Ttotal Status Flags
r-devel-linux-x86_64-debian-clang 0.1.0 8.37 76.66 85.03 OK
r-devel-linux-x86_64-debian-gcc 0.1.0 OK
r-devel-linux-x86_64-fedora-clang 0.1.0 110.15 WARN
r-devel-linux-x86_64-fedora-gcc 0.1.0 113.37 WARN
r-devel-windows-ix86+x86_64 0.1.0 19.00 82.00 101.00 OK
r-devel-windows-ix86+x86_64-gcc8 0.1.0 31.00 120.00 151.00 OK
r-patched-linux-x86_64 0.1.0 OK
r-patched-solaris-x86 0.1.0 138.60 OK
r-release-linux-x86_64 0.1.0 7.03 67.08 74.11 OK
r-release-windows-ix86+x86_64 0.1.0 15.00 72.00 87.00 OK
r-release-osx-x86_64 0.1.0 OK
r-oldrel-windows-ix86+x86_64 0.1.0 9.00 80.00 89.00 OK
r-oldrel-osx-x86_64 0.1.0 OK

Check Details

Version: 0.1.0
Check: whether package can be installed
Result: WARN
    Found the following significant warnings:
     Warning: namespace ‘rgdal’ is not available and has been replaced
Flavors: r-devel-linux-x86_64-fedora-clang, r-devel-linux-x86_64-fedora-gcc