CRAN Package Check Results for Package cccp

Last updated on 2019-06-26 00:47:12 CEST.

Flavor Version Tinstall Tcheck Ttotal Status Flags
r-devel-linux-x86_64-debian-clang 0.2-4 193.49 49.67 243.16 OK
r-devel-linux-x86_64-debian-gcc 0.2-4 152.59 39.43 192.02 OK
r-devel-linux-x86_64-fedora-clang 0.2-4 365.34 NOTE
r-devel-linux-x86_64-fedora-gcc 0.2-4 321.48 NOTE
r-devel-windows-ix86+x86_64 0.2-4 430.00 101.00 531.00 OK
r-patched-linux-x86_64 0.2-4 174.33 50.32 224.65 OK
r-patched-solaris-x86 0.2-4 318.40 OK
r-release-linux-x86_64 0.2-4 169.33 50.88 220.21 OK
r-release-windows-ix86+x86_64 0.2-4 338.00 136.00 474.00 OK
r-release-osx-x86_64 0.2-4 NOTE
r-oldrel-windows-ix86+x86_64 0.2-4 290.00 97.00 387.00 OK
r-oldrel-osx-x86_64 0.2-4 NOTE

Check Details

Version: 0.2-4
Check: installed package size
Result: NOTE
     installed size is 18.1Mb
     sub-directories of 1Mb or more:
     libs 17.8Mb
Flavors: r-devel-linux-x86_64-fedora-clang, r-release-osx-x86_64, r-oldrel-osx-x86_64

Version: 0.2-4
Check: compiled code
Result: NOTE
    File ‘cccp/libs/cccp.so’:
     Found no calls to: ‘R_registerRoutines’, ‘R_useDynamicSymbols’
    
    It is good practice to register native routines and to disable symbol
    search.
    
    See ‘Writing portable packages’ in the ‘Writing R Extensions’ manual.
Flavors: r-devel-linux-x86_64-fedora-clang, r-devel-linux-x86_64-fedora-gcc