CRAN Package Check Results for Package cec2005benchmark

Last updated on 2019-09-21 00:52:36 CEST.

Flavor Version Tinstall Tcheck Ttotal Status Flags
r-devel-linux-x86_64-debian-clang 1.0.4 5.62 21.04 26.66 WARN
r-devel-linux-x86_64-debian-gcc 1.0.4 4.20 17.19 21.39 WARN
r-devel-linux-x86_64-fedora-clang 1.0.4 33.62 NOTE
r-devel-linux-x86_64-fedora-gcc 1.0.4 32.31 WARN
r-devel-windows-ix86+x86_64 1.0.4 27.00 59.00 86.00 NOTE
r-patched-linux-x86_64 1.0.4 5.00 20.91 25.91 OK
r-patched-solaris-x86 1.0.4 53.90 NOTE
r-release-linux-x86_64 1.0.4 4.91 21.02 25.93 OK
r-release-windows-ix86+x86_64 1.0.4 20.00 63.00 83.00 NOTE
r-release-osx-x86_64 1.0.4 NOTE
r-oldrel-windows-ix86+x86_64 1.0.4 16.00 41.00 57.00 NOTE
r-oldrel-osx-x86_64 1.0.4 NOTE

Check Details

Version: 1.0.4
Check: whether package can be installed
Result: WARN
    Found the following significant warnings:
     def3.c:34:13: warning: ignoring return value of function declared with 'warn_unused_result' attribute [-Wunused-result]
     def3.c:49:13: warning: ignoring return value of function declared with 'warn_unused_result' attribute [-Wunused-result]
     def3.c:67:13: warning: ignoring return value of function declared with 'warn_unused_result' attribute [-Wunused-result]
     def3.c:74:13: warning: ignoring return value of function declared with 'warn_unused_result' attribute [-Wunused-result]
     def3.c:89:13: warning: ignoring return value of function declared with 'warn_unused_result' attribute [-Wunused-result]
     def3.c:111:13: warning: ignoring return value of function declared with 'warn_unused_result' attribute [-Wunused-result]
     def3.c:114:13: warning: ignoring return value of function declared with 'warn_unused_result' attribute [-Wunused-result]
     def3.c:119:13: warning: ignoring return value of function declared with 'warn_unused_result' attribute [-Wunused-result]
     def3.c:122:13: warning: ignoring return value of function declared with 'warn_unused_result' attribute [-Wunused-result]
     def3.c:155:13: warning: ignoring return value of function declared with 'warn_unused_result' attribute [-Wunused-result]
     def3.c:174:13: warning: ignoring return value of function declared with 'warn_unused_result' attribute [-Wunused-result]
     def3.c:181:13: warning: ignoring return value of function declared with 'warn_unused_result' attribute [-Wunused-result]
     def3.c:200:13: warning: ignoring return value of function declared with 'warn_unused_result' attribute [-Wunused-result]
     def3.c:207:13: warning: ignoring return value of function declared with 'warn_unused_result' attribute [-Wunused-result]
     def3.c:226:13: warning: ignoring return value of function declared with 'warn_unused_result' attribute [-Wunused-result]
     def3.c:244:13: warning: ignoring return value of function declared with 'warn_unused_result' attribute [-Wunused-result]
     def3.c:251:13: warning: ignoring return value of function declared with 'warn_unused_result' attribute [-Wunused-result]
     def3.c:269:13: warning: ignoring return value of function declared with 'warn_unused_result' attribute [-Wunused-result]
     def3.c:276:13: warning: ignoring return value of function declared with 'warn_unused_result' attribute [-Wunused-result]
     def3.c:300:13: warning: ignoring return value of function declared with 'warn_unused_result' attribute [-Wunused-result]
     def3.c:303:13: warning: ignoring return value of function declared with 'warn_unused_result' attribute [-Wunused-result]
     def3.c:309:17: warning: ignoring return value of function declared with 'warn_unused_result' attribute [-Wunused-result]
     def3.c:316:13: warning: ignoring return value of function declared with 'warn_unused_result' attribute [-Wunused-result]
     def3.c:319:13: warning: ignoring return value of function declared with 'warn_unused_result' attribute [-Wunused-result]
     def3.c:325:17: warning: ignoring return value of function declared with 'warn_unused_result' attribute [-Wunused-result]
     def3.c:331:9: warning: ignoring return value of function declared with 'warn_unused_result' attribute [-Wunused-result]
     def3.c:345:13: warning: ignoring return value of function declared with 'warn_unused_result' attribute [-Wunused-result]
     def3.c:364:13: warning: ignoring return value of function declared with 'warn_unused_result' attribute [-Wunused-result]
     def3.c:371:13: warning: ignoring return value of function declared with 'warn_unused_result' attribute [-Wunused-result]
     def3.c:387:13: warning: ignoring return value of function declared with 'warn_unused_result' attribute [-Wunused-result]
     def3.c:390:13: warning: ignoring return value of function declared with 'warn_unused_result' attribute [-Wunused-result]
     def3.c:416:13: warning: ignoring return value of function declared with 'warn_unused_result' attribute [-Wunused-result]
     def3.c:419:13: warning: ignoring return value of function declared with 'warn_unused_result' attribute [-Wunused-result]
     def3.c:430:17: warning: ignoring return value of function declared with 'warn_unused_result' attribute [-Wunused-result]
     def3.c:433:17: warning: ignoring return value of function declared with 'warn_unused_result' attribute [-Wunused-result]
     def3.c:460:13: warning: ignoring return value of function declared with 'warn_unused_result' attribute [-Wunused-result]
     def3.c:463:13: warning: ignoring return value of function declared with 'warn_unused_result' attribute [-Wunused-result]
     def3.c:474:17: warning: ignoring return value of function declared with 'warn_unused_result' attribute [-Wunused-result]
     def3.c:477:17: warning: ignoring return value of function declared with 'warn_unused_result' attribute [-Wunused-result]
     def3.c:504:13: warning: ignoring return value of function declared with 'warn_unused_result' attribute [-Wunused-result]
     def3.c:507:13: warning: ignoring return value of function declared with 'warn_unused_result' attribute [-Wunused-result]
     def3.c:518:17: warning: ignoring return value of function declared with 'warn_unused_result' attribute [-Wunused-result]
     def3.c:521:17: warning: ignoring return value of function declared with 'warn_unused_result' attribute [-Wunused-result]
     def3.c:561:13: warning: ignoring return value of function declared with 'warn_unused_result' attribute [-Wunused-result]
     def3.c:564:13: warning: ignoring return value of function declared with 'warn_unused_result' attribute [-Wunused-result]
     def3.c:575:17: warning: ignoring return value of function declared with 'warn_unused_result' attribute [-Wunused-result]
     def3.c:578:17: warning: ignoring return value of function declared with 'warn_unused_result' attribute [-Wunused-result]
     def3.c:619:13: warning: ignoring return value of function declared with 'warn_unused_result' attribute [-Wunused-result]
     def3.c:622:13: warning: ignoring return value of function declared with 'warn_unused_result' attribute [-Wunused-result]
     def3.c:637:17: warning: ignoring return value of function declared with 'warn_unused_result' attribute [-Wunused-result]
     def3.c:640:17: warning: ignoring return value of function declared with 'warn_unused_result' attribute [-Wunused-result]
     def3.c:680:13: warning: ignoring return value of function declared with 'warn_unused_result' attribute [-Wunused-result]
     def3.c:683:13: warning: ignoring return value of function declared with 'warn_unused_result' attribute [-Wunused-result]
     def3.c:694:17: warning: ignoring return value of function declared with 'warn_unused_result' attribute [-Wunused-result]
     def3.c:697:17: warning: ignoring return value of function declared with 'warn_unused_result' attribute [-Wunused-result]
     def3.c:734:13: warning: ignoring return value of function declared with 'warn_unused_result' attribute [-Wunused-result]
     def3.c:737:13: warning: ignoring return value of function declared with 'warn_unused_result' attribute [-Wunused-result]
     def3.c:748:17: warning: ignoring return value of function declared with 'warn_unused_result' attribute [-Wunused-result]
     def3.c:751:17: warning: ignoring return value of function declared with 'warn_unused_result' attribute [-Wunused-result]
     def3.c:788:13: warning: ignoring return value of function declared with 'warn_unused_result' attribute [-Wunused-result]
     def3.c:791:13: warning: ignoring return value of function declared with 'warn_unused_result' attribute [-Wunused-result]
     def3.c:802:17: warning: ignoring return value of function declared with 'warn_unused_result' attribute [-Wunused-result]
     def3.c:805:17: warning: ignoring return value of function declared with 'warn_unused_result' attribute [-Wunused-result]
     def3.c:842:13: warning: ignoring return value of function declared with 'warn_unused_result' attribute [-Wunused-result]
     def3.c:845:13: warning: ignoring return value of function declared with 'warn_unused_result' attribute [-Wunused-result]
     def3.c:856:17: warning: ignoring return value of function declared with 'warn_unused_result' attribute [-Wunused-result]
     def3.c:859:17: warning: ignoring return value of function declared with 'warn_unused_result' attribute [-Wunused-result]
Flavor: r-devel-linux-x86_64-debian-clang

Version: 1.0.4
Check: whether package can be installed
Result: WARN
    Found the following significant warnings:
     def3.c:34:13: warning: ignoring return value of ‘fscanf’, declared with attribute warn_unused_result [-Wunused-result]
     def3.c:49:13: warning: ignoring return value of ‘fscanf’, declared with attribute warn_unused_result [-Wunused-result]
     def3.c:67:13: warning: ignoring return value of ‘fscanf’, declared with attribute warn_unused_result [-Wunused-result]
     def3.c:74:13: warning: ignoring return value of ‘fscanf’, declared with attribute warn_unused_result [-Wunused-result]
     def3.c:89:13: warning: ignoring return value of ‘fscanf’, declared with attribute warn_unused_result [-Wunused-result]
     def3.c:111:13: warning: ignoring return value of ‘fscanf’, declared with attribute warn_unused_result [-Wunused-result]
     def3.c:114:13: warning: ignoring return value of ‘fscanf’, declared with attribute warn_unused_result [-Wunused-result]
     def3.c:119:13: warning: ignoring return value of ‘fscanf’, declared with attribute warn_unused_result [-Wunused-result]
     def3.c:122:13: warning: ignoring return value of ‘fscanf’, declared with attribute warn_unused_result [-Wunused-result]
     def3.c:155:13: warning: ignoring return value of ‘fscanf’, declared with attribute warn_unused_result [-Wunused-result]
     def3.c:174:13: warning: ignoring return value of ‘fscanf’, declared with attribute warn_unused_result [-Wunused-result]
     def3.c:181:13: warning: ignoring return value of ‘fscanf’, declared with attribute warn_unused_result [-Wunused-result]
     def3.c:200:13: warning: ignoring return value of ‘fscanf’, declared with attribute warn_unused_result [-Wunused-result]
     def3.c:207:13: warning: ignoring return value of ‘fscanf’, declared with attribute warn_unused_result [-Wunused-result]
     def3.c:226:13: warning: ignoring return value of ‘fscanf’, declared with attribute warn_unused_result [-Wunused-result]
     def3.c:244:13: warning: ignoring return value of ‘fscanf’, declared with attribute warn_unused_result [-Wunused-result]
     def3.c:251:13: warning: ignoring return value of ‘fscanf’, declared with attribute warn_unused_result [-Wunused-result]
     def3.c:269:13: warning: ignoring return value of ‘fscanf’, declared with attribute warn_unused_result [-Wunused-result]
     def3.c:276:13: warning: ignoring return value of ‘fscanf’, declared with attribute warn_unused_result [-Wunused-result]
     def3.c:300:13: warning: ignoring return value of ‘fscanf’, declared with attribute warn_unused_result [-Wunused-result]
     def3.c:303:13: warning: ignoring return value of ‘fscanf’, declared with attribute warn_unused_result [-Wunused-result]
     def3.c:309:17: warning: ignoring return value of ‘fscanf’, declared with attribute warn_unused_result [-Wunused-result]
     def3.c:316:13: warning: ignoring return value of ‘fscanf’, declared with attribute warn_unused_result [-Wunused-result]
     def3.c:319:13: warning: ignoring return value of ‘fscanf’, declared with attribute warn_unused_result [-Wunused-result]
     def3.c:325:17: warning: ignoring return value of ‘fscanf’, declared with attribute warn_unused_result [-Wunused-result]
     def3.c:331:9: warning: ignoring return value of ‘fscanf’, declared with attribute warn_unused_result [-Wunused-result]
     def3.c:345:13: warning: ignoring return value of ‘fscanf’, declared with attribute warn_unused_result [-Wunused-result]
     def3.c:364:13: warning: ignoring return value of ‘fscanf’, declared with attribute warn_unused_result [-Wunused-result]
     def3.c:371:13: warning: ignoring return value of ‘fscanf’, declared with attribute warn_unused_result [-Wunused-result]
     def3.c:387:13: warning: ignoring return value of ‘fscanf’, declared with attribute warn_unused_result [-Wunused-result]
     def3.c:390:13: warning: ignoring return value of ‘fscanf’, declared with attribute warn_unused_result [-Wunused-result]
     def3.c:416:13: warning: ignoring return value of ‘fscanf’, declared with attribute warn_unused_result [-Wunused-result]
     def3.c:419:13: warning: ignoring return value of ‘fscanf’, declared with attribute warn_unused_result [-Wunused-result]
     def3.c:430:17: warning: ignoring return value of ‘fscanf’, declared with attribute warn_unused_result [-Wunused-result]
     def3.c:433:17: warning: ignoring return value of ‘fscanf’, declared with attribute warn_unused_result [-Wunused-result]
     def3.c:460:13: warning: ignoring return value of ‘fscanf’, declared with attribute warn_unused_result [-Wunused-result]
     def3.c:463:13: warning: ignoring return value of ‘fscanf’, declared with attribute warn_unused_result [-Wunused-result]
     def3.c:474:17: warning: ignoring return value of ‘fscanf’, declared with attribute warn_unused_result [-Wunused-result]
     def3.c:477:17: warning: ignoring return value of ‘fscanf’, declared with attribute warn_unused_result [-Wunused-result]
     def3.c:504:13: warning: ignoring return value of ‘fscanf’, declared with attribute warn_unused_result [-Wunused-result]
     def3.c:507:13: warning: ignoring return value of ‘fscanf’, declared with attribute warn_unused_result [-Wunused-result]
     def3.c:518:17: warning: ignoring return value of ‘fscanf’, declared with attribute warn_unused_result [-Wunused-result]
     def3.c:521:17: warning: ignoring return value of ‘fscanf’, declared with attribute warn_unused_result [-Wunused-result]
     def3.c:561:13: warning: ignoring return value of ‘fscanf’, declared with attribute warn_unused_result [-Wunused-result]
     def3.c:564:13: warning: ignoring return value of ‘fscanf’, declared with attribute warn_unused_result [-Wunused-result]
     def3.c:575:17: warning: ignoring return value of ‘fscanf’, declared with attribute warn_unused_result [-Wunused-result]
     def3.c:578:17: warning: ignoring return value of ‘fscanf’, declared with attribute warn_unused_result [-Wunused-result]
     def3.c:619:13: warning: ignoring return value of ‘fscanf’, declared with attribute warn_unused_result [-Wunused-result]
     def3.c:622:13: warning: ignoring return value of ‘fscanf’, declared with attribute warn_unused_result [-Wunused-result]
     def3.c:637:17: warning: ignoring return value of ‘fscanf’, declared with attribute warn_unused_result [-Wunused-result]
     def3.c:640:17: warning: ignoring return value of ‘fscanf’, declared with attribute warn_unused_result [-Wunused-result]
     def3.c:680:13: warning: ignoring return value of ‘fscanf’, declared with attribute warn_unused_result [-Wunused-result]
     def3.c:683:13: warning: ignoring return value of ‘fscanf’, declared with attribute warn_unused_result [-Wunused-result]
     def3.c:694:17: warning: ignoring return value of ‘fscanf’, declared with attribute warn_unused_result [-Wunused-result]
     def3.c:697:17: warning: ignoring return value of ‘fscanf’, declared with attribute warn_unused_result [-Wunused-result]
     def3.c:734:13: warning: ignoring return value of ‘fscanf’, declared with attribute warn_unused_result [-Wunused-result]
     def3.c:737:13: warning: ignoring return value of ‘fscanf’, declared with attribute warn_unused_result [-Wunused-result]
     def3.c:748:17: warning: ignoring return value of ‘fscanf’, declared with attribute warn_unused_result [-Wunused-result]
     def3.c:751:17: warning: ignoring return value of ‘fscanf’, declared with attribute warn_unused_result [-Wunused-result]
     def3.c:788:13: warning: ignoring return value of ‘fscanf’, declared with attribute warn_unused_result [-Wunused-result]
     def3.c:791:13: warning: ignoring return value of ‘fscanf’, declared with attribute warn_unused_result [-Wunused-result]
     def3.c:802:17: warning: ignoring return value of ‘fscanf’, declared with attribute warn_unused_result [-Wunused-result]
     def3.c:805:17: warning: ignoring return value of ‘fscanf’, declared with attribute warn_unused_result [-Wunused-result]
     def3.c:842:13: warning: ignoring return value of ‘fscanf’, declared with attribute warn_unused_result [-Wunused-result]
     def3.c:845:13: warning: ignoring return value of ‘fscanf’, declared with attribute warn_unused_result [-Wunused-result]
     def3.c:856:17: warning: ignoring return value of ‘fscanf’, declared with attribute warn_unused_result [-Wunused-result]
     def3.c:859:17: warning: ignoring return value of ‘fscanf’, declared with attribute warn_unused_result [-Wunused-result]
Flavors: r-devel-linux-x86_64-debian-gcc, r-devel-linux-x86_64-fedora-gcc

Version: 1.0.4
Check: installed package size
Result: NOTE
     installed size is 6.2Mb
     sub-directories of 1Mb or more:
     extdata 5.8Mb
Flavors: r-devel-linux-x86_64-fedora-clang, r-devel-windows-ix86+x86_64, r-patched-solaris-x86, r-release-windows-ix86+x86_64, r-release-osx-x86_64, r-oldrel-windows-ix86+x86_64, r-oldrel-osx-x86_64

Version: 1.0.4
Check: compiled code
Result: NOTE
    File ‘cec2005benchmark/libs/cec2005benchmark.so’:
     Found no calls to: ‘R_registerRoutines’, ‘R_useDynamicSymbols’
    
    It is good practice to register native routines and to disable symbol
    search.
    
    See ‘Writing portable packages’ in the ‘Writing R Extensions’ manual.
Flavors: r-devel-linux-x86_64-fedora-clang, r-devel-linux-x86_64-fedora-gcc