CRAN Package Check Results for Package cents

Last updated on 2019-11-22 00:49:09 CET.

Flavor Version Tinstall Tcheck Ttotal Status Flags
r-devel-linux-x86_64-debian-clang 0.1-41 4.07 22.59 26.66 NOTE
r-devel-linux-x86_64-debian-gcc 0.1-41 3.10 18.79 21.89 NOTE
r-devel-linux-x86_64-fedora-clang 0.1-41 33.07 NOTE
r-devel-linux-x86_64-fedora-gcc 0.1-41 32.76 NOTE
r-devel-windows-ix86+x86_64 0.1-41 10.00 44.00 54.00 NOTE
r-devel-windows-ix86+x86_64-gcc8 0.1-41 14.00 45.00 59.00 NOTE
r-patched-linux-x86_64 0.1-41 3.47 22.33 25.80 NOTE
r-patched-solaris-x86 0.1-41 46.70 NOTE
r-release-linux-x86_64 0.1-41 3.42 22.50 25.92 NOTE
r-release-windows-ix86+x86_64 0.1-41 10.00 65.00 75.00 NOTE
r-release-osx-x86_64 0.1-41 NOTE
r-oldrel-windows-ix86+x86_64 0.1-41 8.00 41.00 49.00 NOTE
r-oldrel-osx-x86_64 0.1-41 NOTE

Check Details

Version: 0.1-41
Check: DESCRIPTION meta-information
Result: NOTE
    Malformed Description field: should contain one or more complete sentences.
Flavors: r-devel-linux-x86_64-debian-clang, r-devel-linux-x86_64-debian-gcc, r-devel-linux-x86_64-fedora-clang, r-devel-linux-x86_64-fedora-gcc, r-devel-windows-ix86+x86_64, r-devel-windows-ix86+x86_64-gcc8, r-patched-linux-x86_64, r-patched-solaris-x86, r-release-linux-x86_64, r-release-windows-ix86+x86_64, r-release-osx-x86_64, r-oldrel-windows-ix86+x86_64, r-oldrel-osx-x86_64

Version: 0.1-41
Check: R code for possible problems
Result: NOTE
    CM: no visible global function definition for 'sd'
    Erf: no visible global function definition for 'pnorm'
    Erfc: no visible global function definition for 'pnorm'
    boot.Cenarma: no visible global function definition for 'coef'
    boot.Cenarma: no visible global function definition for 'arima.sim'
    cenarma: no visible global function definition for 'arima'
    cenarma: no visible global function definition for 'coef'
    cenarma: no visible global function definition for 'ARMAacf'
    cenarma: no visible global function definition for 'var'
    plot.cents: no visible global function definition for 'plot'
    plot.cents: no visible global function definition for 'segments'
    plot.cents: no visible global function definition for 'rgb'
    plot.cents: no visible global function definition for 'points'
    rcarma: no visible global function definition for 'arima.sim'
    rcarma: no visible global function definition for 'quantile'
    scenNID: no visible global function definition for 'sd'
    se.Cenarma: no visible global function definition for 'coef'
    se.Cenarma: no visible global function definition for 'sd'
    Undefined global functions or variables:
     ARMAacf arima arima.sim coef plot pnorm points quantile rgb sd
     segments var
    Consider adding
     importFrom("grDevices", "rgb")
     importFrom("graphics", "plot", "points", "segments")
     importFrom("stats", "ARMAacf", "arima", "arima.sim", "coef", "pnorm",
     "quantile", "sd", "var")
    to your NAMESPACE file.
Flavors: r-devel-linux-x86_64-debian-clang, r-devel-linux-x86_64-debian-gcc, r-devel-linux-x86_64-fedora-clang, r-devel-linux-x86_64-fedora-gcc, r-devel-windows-ix86+x86_64, r-devel-windows-ix86+x86_64-gcc8, r-patched-linux-x86_64, r-patched-solaris-x86, r-release-linux-x86_64, r-release-windows-ix86+x86_64, r-release-osx-x86_64, r-oldrel-windows-ix86+x86_64, r-oldrel-osx-x86_64

Version: 0.1-41
Check: line endings in Makefiles
Result: NOTE
    Found the following Makefile(s) without a final LF:
     src/Makevars
    Some 'make' programs ignore lines not ending in LF.
Flavors: r-devel-linux-x86_64-debian-clang, r-devel-linux-x86_64-debian-gcc, r-devel-linux-x86_64-fedora-clang, r-devel-linux-x86_64-fedora-gcc, r-devel-windows-ix86+x86_64, r-devel-windows-ix86+x86_64-gcc8, r-patched-linux-x86_64, r-patched-solaris-x86, r-release-linux-x86_64, r-release-windows-ix86+x86_64, r-release-osx-x86_64, r-oldrel-windows-ix86+x86_64, r-oldrel-osx-x86_64

Version: 0.1-41
Check: compiled code
Result: NOTE
    File ‘cents/libs/cents.so’:
     Found no calls to: ‘R_registerRoutines’, ‘R_useDynamicSymbols’
    
    It is good practice to register native routines and to disable symbol
    search.
    
    See ‘Writing portable packages’ in the ‘Writing R Extensions’ manual.
Flavors: r-devel-linux-x86_64-fedora-clang, r-devel-linux-x86_64-fedora-gcc