CRAN Package Check Results for Package cld3

Last updated on 2019-10-23 00:47:47 CEST.

Flavor Version Tinstall Tcheck Ttotal Status Flags
r-devel-linux-x86_64-debian-clang 1.2 65.87 20.94 86.81 WARN
r-devel-linux-x86_64-debian-gcc 1.2 42.52 17.45 59.97 WARN
r-devel-linux-x86_64-fedora-clang 1.2 129.71 WARN
r-devel-linux-x86_64-fedora-gcc 1.2 107.89 WARN
r-devel-windows-ix86+x86_64 1.2 220.00 60.00 280.00 OK
r-patched-linux-x86_64 1.2 47.92 21.33 69.25 OK
r-patched-solaris-x86 1.2 108.00 OK
r-release-linux-x86_64 1.2 46.02 21.58 67.60 OK
r-release-windows-ix86+x86_64 1.2 211.00 55.00 266.00 OK
r-release-osx-x86_64 1.2 NOTE
r-oldrel-windows-ix86+x86_64 1.2 221.00 77.00 298.00 OK
r-oldrel-osx-x86_64 1.2 NOTE

Additional issues

gcc-UBSAN

Check Details

Version: 1.2
Check: whether package can be installed
Result: WARN
    Found the following significant warnings:
     'config' variable 'CXXCPP' is deprecated
Flavors: r-devel-linux-x86_64-debian-clang, r-devel-linux-x86_64-debian-gcc, r-devel-linux-x86_64-fedora-clang, r-devel-linux-x86_64-fedora-gcc

Version: 1.2
Check: installed package size
Result: NOTE
     installed size is 5.3Mb
     sub-directories of 1Mb or more:
     libs 5.2Mb
Flavors: r-devel-linux-x86_64-fedora-clang, r-release-osx-x86_64, r-oldrel-osx-x86_64

Version: 1.2
Check: top-level files
Result: NOTE
    ‘configure’: /bin/bash is not portable
Flavors: r-devel-linux-x86_64-fedora-clang, r-devel-linux-x86_64-fedora-gcc