CRAN Package Check Results for Package cld3

Last updated on 2019-07-16 00:48:01 CEST.

Flavor Version Tinstall Tcheck Ttotal Status Flags
r-devel-linux-x86_64-debian-clang 1.1 54.04 21.09 75.13 OK
r-devel-linux-x86_64-debian-gcc 1.1 42.15 17.58 59.73 OK
r-devel-linux-x86_64-fedora-clang 1.1 122.72 NOTE
r-devel-linux-x86_64-fedora-gcc 1.1 111.74 NOTE
r-devel-windows-ix86+x86_64 1.1 222.00 57.00 279.00 OK
r-patched-linux-x86_64 1.1 51.20 21.84 73.04 OK
r-patched-solaris-x86 1.1 114.60 OK
r-release-linux-x86_64 1.1 49.39 21.83 71.22 OK
r-release-windows-ix86+x86_64 1.1 179.00 76.00 255.00 OK
r-release-osx-x86_64 1.1 NOTE
r-oldrel-windows-ix86+x86_64 1.1 222.00 54.00 276.00 OK
r-oldrel-osx-x86_64 1.1 NOTE

Additional issues

gcc-UBSAN

Check Details

Version: 1.1
Check: installed package size
Result: NOTE
     installed size is 5.2Mb
     sub-directories of 1Mb or more:
     libs 5.1Mb
Flavors: r-devel-linux-x86_64-fedora-clang, r-release-osx-x86_64, r-oldrel-osx-x86_64

Version: 1.1
Check: pragmas in C/C++ headers and code
Result: NOTE
    Files which contain pragma(s) suppressing diagnostics:
     ‘src/cld_3/protos/feature_extractor.pb.h’
     ‘src/cld_3/protos/sentence.pb.h’ ‘src/cld_3/protos/task_spec.pb.h’
Flavors: r-devel-linux-x86_64-fedora-clang, r-devel-linux-x86_64-fedora-gcc