CRAN Package Check Results for Package clere

Last updated on 2019-10-20 00:47:26 CEST.

Flavor Version Tinstall Tcheck Ttotal Status Flags
r-devel-linux-x86_64-debian-clang 1.1.4 108.00 57.39 165.39 OK
r-devel-linux-x86_64-debian-gcc 1.1.4 84.42 45.54 129.96 OK
r-devel-linux-x86_64-fedora-clang 1.1.4 231.96 NOTE
r-devel-linux-x86_64-fedora-gcc 1.1.4 233.04 NOTE
r-devel-windows-ix86+x86_64 1.1.4 165.00 114.00 279.00 OK
r-patched-linux-x86_64 1.1.4 94.70 60.81 155.51 OK
r-patched-solaris-x86 1.1.4 209.80 OK
r-release-linux-x86_64 1.1.4 94.11 61.18 155.29 OK
r-release-windows-ix86+x86_64 1.1.4 160.00 143.00 303.00 OK
r-release-osx-x86_64 1.1.4 NOTE
r-oldrel-windows-ix86+x86_64 1.1.4 152.00 101.00 253.00 OK
r-oldrel-osx-x86_64 1.1.4 NOTE

Check Details

Version: 1.1.4
Check: installed package size
Result: NOTE
     installed size is 21.7Mb
     sub-directories of 1Mb or more:
     libs 20.8Mb
Flavors: r-devel-linux-x86_64-fedora-clang, r-release-osx-x86_64, r-oldrel-osx-x86_64

Version: 1.1.4
Check: compiled code
Result: NOTE
    File ‘clere/libs/clere.so’:
     Found no calls to: ‘R_registerRoutines’, ‘R_useDynamicSymbols’
    
    It is good practice to register native routines and to disable symbol
    search.
    
    See ‘Writing portable packages’ in the ‘Writing R Extensions’ manual.
Flavors: r-devel-linux-x86_64-fedora-clang, r-devel-linux-x86_64-fedora-gcc