CRAN Package Check Results for Package clere

Last updated on 2019-07-16 00:48:01 CEST.

Flavor Version Tinstall Tcheck Ttotal Status Flags
r-devel-linux-x86_64-debian-clang 1.1.4 95.12 62.41 157.53 OK
r-devel-linux-x86_64-debian-gcc 1.1.4 84.61 48.71 133.32 OK
r-devel-linux-x86_64-fedora-clang 1.1.4 225.49 NOTE
r-devel-linux-x86_64-fedora-gcc 1.1.4 240.54 NOTE
r-devel-windows-ix86+x86_64 1.1.4 214.00 113.00 327.00 OK
r-patched-linux-x86_64 1.1.4 102.01 66.78 168.79 OK
r-patched-solaris-x86 1.1.4 214.20 OK
r-release-linux-x86_64 1.1.4 102.17 67.14 169.31 OK
r-release-windows-ix86+x86_64 1.1.4 153.00 136.00 289.00 OK
r-release-osx-x86_64 1.1.4 NOTE
r-oldrel-windows-ix86+x86_64 1.1.4 214.00 111.00 325.00 OK
r-oldrel-osx-x86_64 1.1.4 NOTE

Check Details

Version: 1.1.4
Check: installed package size
Result: NOTE
     installed size is 21.4Mb
     sub-directories of 1Mb or more:
     libs 20.5Mb
Flavors: r-devel-linux-x86_64-fedora-clang, r-release-osx-x86_64, r-oldrel-osx-x86_64

Version: 1.1.4
Check: compiled code
Result: NOTE
    File ‘clere/libs/clere.so’:
     Found no calls to: ‘R_registerRoutines’, ‘R_useDynamicSymbols’
    
    It is good practice to register native routines and to disable symbol
    search.
    
    See ‘Writing portable packages’ in the ‘Writing R Extensions’ manual.
Flavors: r-devel-linux-x86_64-fedora-clang, r-devel-linux-x86_64-fedora-gcc