CRAN Package Check Results for Package clue

Last updated on 2019-09-21 00:52:37 CEST.

Flavor Version Tinstall Tcheck Ttotal Status Flags
r-devel-linux-x86_64-debian-clang 0.3-57 10.96 64.31 75.27 OK
r-devel-linux-x86_64-debian-gcc 0.3-57 7.87 50.82 58.69 OK
r-devel-linux-x86_64-fedora-clang 0.3-57 90.81 OK
r-devel-linux-x86_64-fedora-gcc 0.3-57 89.48 OK
r-devel-windows-ix86+x86_64 0.3-57 32.00 102.00 134.00 OK
r-patched-linux-x86_64 0.3-57 8.35 63.48 71.83 OK
r-patched-solaris-x86 0.3-57 129.70 NOTE
r-release-linux-x86_64 0.3-57 9.79 64.00 73.79 OK
r-release-windows-ix86+x86_64 0.3-57 22.00 133.00 155.00 OK
r-release-osx-x86_64 0.3-57 OK
r-oldrel-windows-ix86+x86_64 0.3-57 17.00 127.00 144.00 OK
r-oldrel-osx-x86_64 0.3-57 OK

Check Details

Version: 0.3-57
Check: package dependencies
Result: NOTE
    Package which this enhances but not available for checking: ‘RWeka’
Flavor: r-patched-solaris-x86