CRAN Package Check Results for Package clusterCrit

Last updated on 2020-01-22 00:48:52 CET.

Flavor Version Tinstall Tcheck Ttotal Status Flags
r-devel-linux-x86_64-debian-clang 1.2.8 6.31 27.60 33.91 OK
r-devel-linux-x86_64-debian-gcc 1.2.8 4.83 22.07 26.90 OK
r-devel-linux-x86_64-fedora-clang 1.2.8 45.46 NOTE
r-devel-linux-x86_64-fedora-gcc 1.2.8 43.86 NOTE
r-devel-windows-ix86+x86_64 1.2.8 39.00 50.00 89.00 OK
r-devel-windows-ix86+x86_64-gcc8 1.2.8 17.00 70.00 87.00 OK
r-patched-linux-x86_64 1.2.8 5.69 26.21 31.90 OK
r-patched-solaris-x86 1.2.8 53.00 OK
r-release-linux-x86_64 1.2.8 5.38 26.14 31.52 OK
r-release-windows-ix86+x86_64 1.2.8 25.00 60.00 85.00 OK
r-release-osx-x86_64 1.2.8 OK
r-oldrel-windows-ix86+x86_64 1.2.8 15.00 66.00 81.00 OK
r-oldrel-osx-x86_64 1.2.8 OK

Check Details

Version: 1.2.8
Check: top-level files
Result: NOTE
     possible bashism in cleanup line 15 (brace expansion):
     rm -f src/*.{o,so,mod}
     possible bashism in cleanup line 17 (brace expansion):
     rm -f config.{log,status}
     possible bashism in cleanup line 22 (brace expansion):
     rm -f vignettes/*.{tex,aux,bbl,blg,log,toc,idx,ind,ilg,out,synctex.gz}
Flavors: r-devel-linux-x86_64-fedora-clang, r-devel-linux-x86_64-fedora-gcc