CRAN Package Check Results for Package clusterSim

Last updated on 2019-09-21 00:52:37 CEST.

Flavor Version Tinstall Tcheck Ttotal Status Flags
r-devel-linux-x86_64-debian-clang 0.47-4 12.60 93.93 106.53 NOTE
r-devel-linux-x86_64-debian-gcc 0.47-4 9.32 72.51 81.83 NOTE
r-devel-linux-x86_64-fedora-clang 0.47-4 122.91 NOTE
r-devel-linux-x86_64-fedora-gcc 0.47-4 121.44 NOTE
r-devel-windows-ix86+x86_64 0.47-4 43.00 181.00 224.00 NOTE
r-patched-linux-x86_64 0.47-4 10.58 93.42 104.00 OK
r-patched-solaris-x86 0.47-4 162.60 NOTE
r-release-linux-x86_64 0.47-4 11.89 92.62 104.51 OK
r-release-windows-ix86+x86_64 0.47-4 27.00 134.00 161.00 NOTE
r-release-osx-x86_64 0.47-4 NOTE
r-oldrel-windows-ix86+x86_64 0.47-4 20.00 124.00 144.00 NOTE
r-oldrel-osx-x86_64 0.47-4 NOTE

Check Details

Version: 0.47-4
Check: for non-standard things in the check directory
Result: NOTE
    Found the following files/directories:
     'DB_res.csv' 'G1_res.csv' 'G2_res.csv' 'G3_res.csv' 'H_res.csv'
     'KL_res.csv' 'S_res.csv' 'data14.csv'
Flavors: r-devel-linux-x86_64-debian-clang, r-devel-linux-x86_64-debian-gcc, r-devel-linux-x86_64-fedora-clang, r-devel-linux-x86_64-fedora-gcc

Version: 0.47-4
Check: installed package size
Result: NOTE
     installed size is 5.7Mb
     sub-directories of 1Mb or more:
     doc 2.9Mb
     pdf 2.2Mb
Flavors: r-devel-linux-x86_64-fedora-clang, r-devel-windows-ix86+x86_64, r-patched-solaris-x86, r-release-windows-ix86+x86_64, r-release-osx-x86_64, r-oldrel-windows-ix86+x86_64, r-oldrel-osx-x86_64