CRAN Package Check Results for Package clusterSim

Last updated on 2020-02-24 00:48:35 CET.

Flavor Version Tinstall Tcheck Ttotal Status Flags
r-devel-linux-x86_64-debian-clang 0.48-3 13.39 91.42 104.81 OK
r-devel-linux-x86_64-debian-gcc 0.48-3 OK
r-devel-linux-x86_64-fedora-clang 0.48-3 123.76 OK
r-devel-linux-x86_64-fedora-gcc 0.48-3 122.16 OK
r-devel-windows-ix86+x86_64 0.48-3 30.00 136.00 166.00 OK
r-devel-windows-ix86+x86_64-gcc8 0.48-3 47.00 191.00 238.00 OK
r-patched-linux-x86_64 0.48-3 OK
r-patched-solaris-x86 0.48-3 157.10 OK
r-release-linux-x86_64 0.48-3 11.67 84.81 96.48 OK
r-release-windows-ix86+x86_64 0.48-3 26.00 124.00 150.00 OK
r-release-osx-x86_64 0.48-3 WARN
r-oldrel-windows-ix86+x86_64 0.48-3 19.00 132.00 151.00 OK
r-oldrel-osx-x86_64 0.48-3 WARN

Check Details

Version: 0.48-3
Check: whether package can be installed
Result: WARN
    Found the following significant warnings:
     Warning: 'rgl_init' failed, running with rgl.useNULL = TRUE
Flavors: r-release-osx-x86_64, r-oldrel-osx-x86_64

Version: 0.48-3
Check: dependencies in R code
Result: NOTE
    No protocol specified
Flavors: r-release-osx-x86_64, r-oldrel-osx-x86_64

Version: 0.48-3
Check: S3 generic/method consistency
Result: WARN
    No protocol specified
    See section ‘Generic functions and methods’ in the ‘Writing R
    Extensions’ manual.
Flavors: r-release-osx-x86_64, r-oldrel-osx-x86_64

Version: 0.48-3
Check: replacement functions
Result: WARN
    No protocol specified
    The argument of a replacement function which corresponds to the right
    hand side must be named ‘value’.
Flavors: r-release-osx-x86_64, r-oldrel-osx-x86_64

Version: 0.48-3
Check: foreign function calls
Result: NOTE
    No protocol specified
    See chapter ‘System and foreign language interfaces’ in the ‘Writing R
    Extensions’ manual.
Flavors: r-release-osx-x86_64, r-oldrel-osx-x86_64

Version: 0.48-3
Check: R code for possible problems
Result: NOTE
    No protocol specified
Flavors: r-release-osx-x86_64, r-oldrel-osx-x86_64

Version: 0.48-3
Check: for missing documentation entries
Result: WARN
    No protocol specified
    All user-level objects in a package should have documentation entries.
    See chapter ‘Writing R documentation files’ in the ‘Writing R
    Extensions’ manual.
Flavors: r-release-osx-x86_64, r-oldrel-osx-x86_64

Version: 0.48-3
Check: for code/documentation mismatches
Result: WARN
    No protocol specified
    No protocol specified
    No protocol specified
Flavors: r-release-osx-x86_64, r-oldrel-osx-x86_64

Version: 0.48-3
Check: Rd \usage sections
Result: NOTE
    No protocol specified
    The \usage entries for S3 methods should use the \method markup and not
    their full name.
    See chapter ‘Writing R documentation files’ in the ‘Writing R
    Extensions’ manual.
Flavors: r-release-osx-x86_64, r-oldrel-osx-x86_64