CRAN Package Check Results for Package clusternomics

Last updated on 2019-07-16 00:48:02 CEST.

Flavor Version Tinstall Tcheck Ttotal Status Flags
r-devel-linux-x86_64-debian-clang 0.1.1 3.39 643.75 647.14 OK
r-devel-linux-x86_64-debian-gcc 0.1.1 2.90 566.65 569.55 OK
r-devel-linux-x86_64-fedora-clang 0.1.1 894.37 OK
r-devel-linux-x86_64-fedora-gcc 0.1.1 937.38 OK
r-devel-windows-ix86+x86_64 0.1.1 9.00 96.00 105.00 OK --no-examples --no-tests --no-vignettes
r-patched-linux-x86_64 0.1.1 4.02 823.88 827.90 ERROR
r-patched-solaris-x86 0.1.1 946.90 OK
r-release-linux-x86_64 0.1.1 3.36 816.93 820.29 OK
r-release-windows-ix86+x86_64 0.1.1 8.00 99.00 107.00 OK --no-examples --no-tests --no-vignettes
r-release-osx-x86_64 0.1.1 OK
r-oldrel-windows-ix86+x86_64 0.1.1 6.00 48.00 54.00 OK --no-examples --no-tests --no-vignettes
r-oldrel-osx-x86_64 0.1.1 OK

Check Details

Version: 0.1.1
Check: tests
Result: ERROR
     Running ‘testthat.R’ [10m/10m]
    Running the tests in ‘tests/testthat.R’ failed.
    Complete output:
     > library(testthat)
     > library(clusternomics)
     >
     > test_check("clusternomics")
     Killed
Flavor: r-patched-linux-x86_64