CRAN Package Check Results for Package clustringr

Last updated on 2019-08-20 00:50:43 CEST.

Flavor Version Tinstall Tcheck Ttotal Status Flags
r-devel-linux-x86_64-debian-clang 1.0 6.05 45.57 51.62 OK
r-devel-linux-x86_64-debian-gcc 1.0 3.93 35.36 39.29 OK
r-devel-linux-x86_64-fedora-clang 1.0 61.74 NOTE
r-devel-linux-x86_64-fedora-gcc 1.0 58.46 NOTE
r-devel-windows-ix86+x86_64 1.0 21.00 119.00 140.00 OK
r-patched-linux-x86_64 1.0 4.60 44.12 48.72 OK
r-patched-solaris-x86 1.0 92.90 NOTE
r-release-linux-x86_64 1.0 5.25 44.37 49.62 OK
r-release-windows-ix86+x86_64 1.0 13.00 59.00 72.00 OK
r-release-osx-x86_64 1.0 NOTE
r-oldrel-windows-ix86+x86_64 1.0 11.00 101.00 112.00 OK
r-oldrel-osx-x86_64 1.0 NOTE

Check Details

Version: 1.0
Check: dependencies in R code
Result: NOTE
    Namespace in Imports field not imported from: ‘stringi’
     All declared Imports should be used.
Flavors: r-devel-linux-x86_64-fedora-clang, r-devel-linux-x86_64-fedora-gcc, r-patched-solaris-x86, r-release-osx-x86_64, r-oldrel-osx-x86_64

Version: 1.0
Check: data for non-ASCII characters
Result: NOTE
     Note: found 5626 marked UTF-8 strings
Flavors: r-devel-linux-x86_64-fedora-clang, r-devel-linux-x86_64-fedora-gcc, r-patched-solaris-x86, r-release-osx-x86_64, r-oldrel-osx-x86_64