CRAN Package Check Results for Package cmprsk

Last updated on 2019-06-25 00:52:10 CEST.

Flavor Version Tinstall Tcheck Ttotal Status Flags
r-devel-linux-x86_64-debian-clang 2.2-8 7.78 53.05 60.83 OK
r-devel-linux-x86_64-debian-gcc 2.2-8 7.25 43.38 50.63 OK
r-devel-linux-x86_64-fedora-clang 2.2-8 73.25 NOTE
r-devel-linux-x86_64-fedora-gcc 2.2-8 71.62 NOTE
r-devel-windows-ix86+x86_64 2.2-8 27.00 90.00 117.00 OK
r-patched-linux-x86_64 2.2-8 7.86 52.79 60.65 OK
r-patched-solaris-x86 2.2-8 118.70 OK
r-release-linux-x86_64 2.2-8 7.81 53.38 61.19 OK
r-release-windows-ix86+x86_64 2.2-8 19.00 112.00 131.00 OK
r-release-osx-x86_64 2.2-8 OK
r-oldrel-windows-ix86+x86_64 2.2-7 15.00 108.00 123.00 NOTE
r-oldrel-osx-x86_64 2.2-8 ERROR

Check Details

Version: 2.2-8
Check: compiled code
Result: NOTE
    File ‘cmprsk/libs/cmprsk.so’:
     Found no calls to: ‘R_registerRoutines’, ‘R_useDynamicSymbols’
    
    It is good practice to register native routines and to disable symbol
    search.
    
    See ‘Writing portable packages’ in the ‘Writing R Extensions’ manual.
Flavors: r-devel-linux-x86_64-fedora-clang, r-devel-linux-x86_64-fedora-gcc

Version: 2.2-7
Check: R code for possible problems
Result: NOTE
    crr: no visible binding for global variable 'na.omit'
    crr: no visible global function definition for 'approx'
    cuminc: no visible binding for global variable 'na.omit'
    cuminc: no visible global function definition for 'pchisq'
    plot.cuminc: no visible global function definition for 'par'
    plot.cuminc: no visible global function definition for 'plot'
    plot.cuminc: no visible binding for global variable 'legend'
    plot.cuminc: no visible global function definition for 'lines'
    plot.predict.crr: no visible global function definition for 'plot'
    plot.predict.crr: no visible global function definition for 'lines'
    print.crr: no visible global function definition for 'pnorm'
    summary.crr: no visible global function definition for 'pnorm'
    summary.crr: no visible global function definition for 'qnorm'
    Undefined global functions or variables:
     approx legend lines na.omit par pchisq plot pnorm qnorm
    Consider adding
     importFrom("graphics", "legend", "lines", "par", "plot")
     importFrom("stats", "approx", "na.omit", "pchisq", "pnorm", "qnorm")
    to your NAMESPACE file.
Flavor: r-oldrel-windows-ix86+x86_64

Version: 2.2-8
Check: whether package can be installed
Result: ERROR
    Installation failed.
Flavor: r-oldrel-osx-x86_64