CRAN Package Check Results for Package coalescentMCMC

Last updated on 2019-08-20 00:50:43 CEST.

Flavor Version Tinstall Tcheck Ttotal Status Flags
r-devel-linux-x86_64-debian-clang 0.4-1 9.10 76.24 85.34 NOTE
r-devel-linux-x86_64-debian-gcc 0.4-1 7.08 61.03 68.11 NOTE
r-devel-linux-x86_64-fedora-clang 0.4-1 106.23 NOTE
r-devel-linux-x86_64-fedora-gcc 0.4-1 103.92 NOTE
r-devel-windows-ix86+x86_64 0.4-1 23.00 153.00 176.00 NOTE
r-patched-linux-x86_64 0.4-1 7.04 74.97 82.01 NOTE
r-patched-solaris-x86 0.4-1 165.90 NOTE
r-release-linux-x86_64 0.4-1 7.71 75.01 82.72 NOTE
r-release-windows-ix86+x86_64 0.4-1 18.00 110.00 128.00 NOTE
r-release-osx-x86_64 0.4-1 NOTE
r-oldrel-windows-ix86+x86_64 0.4-1 19.00 150.00 169.00 NOTE
r-oldrel-osx-x86_64 0.4-1 NOTE

Check Details

Version: 0.4-1
Check: R code for possible problems
Result: NOTE
    coalescentMCMC: no visible global function definition for
     'packageVersion'
    coalescentMCMC : getparams: no visible global function definition for
     'nlminb'
    sim.coalescent: no visible global function definition for 'plot'
    sim.coalescent: no visible global function definition for 'segments'
    sim.coalescent: no visible global function definition for 'points'
    Undefined global functions or variables:
     nlminb packageVersion plot points segments
    Consider adding
     importFrom("graphics", "plot", "points", "segments")
     importFrom("stats", "nlminb")
     importFrom("utils", "packageVersion")
    to your NAMESPACE file.
Flavors: r-devel-linux-x86_64-debian-clang, r-devel-linux-x86_64-debian-gcc, r-devel-linux-x86_64-fedora-clang, r-devel-linux-x86_64-fedora-gcc, r-devel-windows-ix86+x86_64, r-patched-linux-x86_64, r-patched-solaris-x86, r-release-linux-x86_64, r-release-windows-ix86+x86_64, r-release-osx-x86_64, r-oldrel-windows-ix86+x86_64, r-oldrel-osx-x86_64