CRAN Package Check Results for Package coalescentMCMC

Last updated on 2019-12-06 00:49:51 CET.

Flavor Version Tinstall Tcheck Ttotal Status Flags
r-devel-linux-x86_64-debian-clang 0.4-1 9.02 82.10 91.12 NOTE
r-devel-linux-x86_64-debian-gcc 0.4-1 7.20 64.76 71.96 NOTE
r-devel-linux-x86_64-fedora-clang 0.4-1 103.96 NOTE
r-devel-linux-x86_64-fedora-gcc 0.4-1 105.26 NOTE
r-devel-windows-ix86+x86_64 0.4-1 19.00 162.00 181.00 NOTE
r-devel-windows-ix86+x86_64-gcc8 0.4-1 19.00 115.00 134.00 NOTE
r-patched-linux-x86_64 0.4-1 7.58 75.60 83.18 NOTE
r-patched-solaris-x86 0.4-1 156.20 NOTE
r-release-linux-x86_64 0.4-1 7.21 74.22 81.43 NOTE
r-release-windows-ix86+x86_64 0.4-1 24.00 111.00 135.00 NOTE
r-release-osx-x86_64 0.4-1 NOTE
r-oldrel-windows-ix86+x86_64 0.4-1 10.00 108.00 118.00 NOTE
r-oldrel-osx-x86_64 0.4-1 NOTE

Check Details

Version: 0.4-1
Check: R code for possible problems
Result: NOTE
    coalescentMCMC: no visible global function definition for
     'packageVersion'
    coalescentMCMC : getparams: no visible global function definition for
     'nlminb'
    sim.coalescent: no visible global function definition for 'plot'
    sim.coalescent: no visible global function definition for 'segments'
    sim.coalescent: no visible global function definition for 'points'
    Undefined global functions or variables:
     nlminb packageVersion plot points segments
    Consider adding
     importFrom("graphics", "plot", "points", "segments")
     importFrom("stats", "nlminb")
     importFrom("utils", "packageVersion")
    to your NAMESPACE file.
Flavors: r-devel-linux-x86_64-debian-clang, r-devel-linux-x86_64-debian-gcc, r-devel-linux-x86_64-fedora-clang, r-devel-linux-x86_64-fedora-gcc, r-devel-windows-ix86+x86_64, r-devel-windows-ix86+x86_64-gcc8, r-patched-linux-x86_64, r-patched-solaris-x86, r-release-linux-x86_64, r-release-windows-ix86+x86_64, r-release-osx-x86_64, r-oldrel-windows-ix86+x86_64, r-oldrel-osx-x86_64