CRAN Package Check Results for Package codebook

Last updated on 2019-10-23 00:47:47 CEST.

Flavor Version Tinstall Tcheck Ttotal Status Flags
r-devel-linux-x86_64-debian-clang 0.8.1 6.24 174.29 180.53 OK
r-devel-linux-x86_64-debian-gcc 0.8.1 5.57 130.26 135.83 OK
r-devel-linux-x86_64-fedora-clang 0.8.1 212.01 NOTE
r-devel-linux-x86_64-fedora-gcc 0.8.1 212.84 NOTE
r-devel-windows-ix86+x86_64 0.8.1 21.00 275.00 296.00 OK
r-patched-linux-x86_64 0.8.1 5.31 171.30 176.61 OK
r-patched-solaris-x86 0.8.1 411.70 WARN
r-release-linux-x86_64 0.8.1 7.06 168.91 175.97 OK
r-release-windows-ix86+x86_64 0.8.1 34.00 280.00 314.00 OK
r-release-osx-x86_64 0.8.1 WARN
r-oldrel-windows-ix86+x86_64 0.8.1 17.00 260.00 277.00 OK
r-oldrel-osx-x86_64 0.8.1 WARN

Check Details

Version: 0.8.1
Check: dependencies in R code
Result: NOTE
    Namespaces in Imports field not imported from:
     ‘graphics’ ‘jsonlite’ ‘pander’ ‘rlang’
     All declared Imports should be used.
Flavors: r-devel-linux-x86_64-fedora-clang, r-devel-linux-x86_64-fedora-gcc, r-patched-solaris-x86, r-release-osx-x86_64, r-oldrel-osx-x86_64

Version: 0.8.1
Check: data for non-ASCII characters
Result: NOTE
     Note: found 65 marked UTF-8 strings
Flavors: r-devel-linux-x86_64-fedora-clang, r-devel-linux-x86_64-fedora-gcc, r-patched-solaris-x86, r-release-osx-x86_64, r-oldrel-osx-x86_64

Version: 0.8.1
Check: re-building of vignette outputs
Result: WARN
    Error(s) in re-building vignettes:
     ...
    --- re-building ‘codebook.Rmd’ using rmarkdown
    Warning in engine$weave(file, quiet = quiet, encoding = enc) :
     Pandoc (>= 1.12.3) and/or pandoc-citeproc not available. Falling back to R Markdown v1.
    Registered S3 methods overwritten by 'codebook':
     method from
     as_factor.character forcats
     as_factor.numeric forcats
    Quitting from lines NA-15 (codebook.Rmd)
    Error: processing vignette 'codebook.Rmd' failed with diagnostics:
    there is no package called 'webshot'
    --- failed re-building ‘codebook.Rmd’
    
    --- re-building ‘codebook_qualtrics.Rmd’ using rmarkdown
    Warning in engine$weave(file, quiet = quiet, encoding = enc) :
     Pandoc (>= 1.12.3) and/or pandoc-citeproc not available. Falling back to R Markdown v1.
    Registered S3 methods overwritten by 'codebook':
     method from
     as_factor.character forcats
     as_factor.numeric forcats
    
    Attaching package: 'dplyr'
    
    The following objects are masked from 'package:stats':
    
     filter, lag
    
    The following objects are masked from 'package:base':
    
     intersect, setdiff, setequal, union
    
    Warning: Unknown or uninitialised column: 'foreign'.
    Warning: Unknown or uninitialised column: 'foreign'.
    Warning: Unknown or uninitialised column: 'foreign'.
    Warning in if (grepl("labelled", class(x[[i]]))) { :
     the condition has length > 1 and only the first element will be used
    Warning: Unknown or uninitialised column: 'foreign'.
    Warning in if (grepl("labelled", class(x[[i]]))) { :
     the condition has length > 1 and only the first element will be used
    Warning: Unknown or uninitialised column: 'foreign'.
    Warning: Unknown or uninitialised column: 'foreign'.
    Warning: Unknown or uninitialised column: 'foreign'.
    Warning: Unknown or uninitialised column: 'foreign'.
    Warning: Unknown or uninitialised column: 'foreign'.
    Warning: Unknown or uninitialised column: 'foreign'.
    Warning: Unknown or uninitialised column: 'foreign'.
    Warning: Unknown or uninitialised column: 'foreign'.
    Warning in if (grepl("labelled", class(x[[i]]))) { :
     the condition has length > 1 and only the first element will be used
    Warning: Unknown or uninitialised column: 'foreign'.
    Warning in if (grepl("labelled", class(x[[i]]))) { :
     the condition has length > 1 and only the first element will be used
    Warning: Unknown or uninitialised column: 'foreign'.
    Warning in if (grepl("labelled", class(x[[i]]))) { :
     the condition has length > 1 and only the first element will be used
    Warning: Unknown or uninitialised column: 'foreign'.
    Warning in if (grepl("labelled", class(x[[i]]))) { :
     the condition has length > 1 and only the first element will be used
    Warning: Unknown or uninitialised column: 'foreign'.
    Warning in if (grepl("labelled", class(x[[i]]))) { :
     the condition has length > 1 and only the first element will be used
    Warning: Unknown or uninitialised column: 'foreign'.
    Warning in if (grepl("labelled", class(x[[i]]))) { :
     the condition has length > 1 and only the first element will be used
    Warning: Unknown or uninitialised column: 'foreign'.
    Warning in if (grepl("labelled", class(x[[i]]))) { :
     the condition has length > 1 and only the first element will be used
    Warning: Unknown or uninitialised column: 'foreign'.
    Warning in if (grepl("labelled", class(x[[i]]))) { :
     the condition has length > 1 and only the first element will be used
    Warning: Unknown or uninitialised column: 'foreign'.
    Warning in if (grepl("labelled", class(x[[i]]))) { :
     the condition has length > 1 and only the first element will be used
    Warning: Unknown or uninitialised column: 'foreign'.
    Warning in if (grepl("labelled", class(x[[i]]))) { :
     the condition has length > 1 and only the first element will be used
    Warning: Unknown or uninitialised column: 'foreign'.
    Warning in if (grepl("labelled", class(x[[i]]))) { :
     the condition has length > 1 and only the first element will be used
    Warning: Unknown or uninitialised column: 'foreign'.
    Warning: Unknown or uninitialised column: 'foreign'.
    Warning in if (grepl("labelled", class(x[[i]]))) { :
     the condition has length > 1 and only the first element will be used
    Warning: Unknown or uninitialised column: 'foreign'.
    Warning in if (grepl("labelled", class(x[[i]]))) { :
     the condition has length > 1 and only the first element will be used
    Warning: Unknown or uninitialised column: 'foreign'.
    Warning in if (grepl("labelled", class(x[[i]]))) { :
     the condition has length > 1 and only the first element will be used
    Warning: Unknown or uninitialised column: 'foreign'.
    Warning in if (grepl("labelled", class(x[[i]]))) { :
     the condition has length > 1 and only the first element will be used
    Warning: Unknown or uninitialised column: 'foreign'.
    Warning in if (grepl("labelled", class(x[[i]]))) { :
     the condition has length > 1 and only the first element will be used
    Warning: Unknown or uninitialised column: 'foreign'.
    Warning in if (grepl("labelled", class(x[[i]]))) { :
     the condition has length > 1 and only the first element will be used
    Warning: Unknown or uninitialised column: 'foreign'.
    Warning: Unknown or uninitialised column: 'foreign'.
    Warning: Unknown or uninitialised column: 'foreign'.
    Warning: Unknown or uninitialised column: 'foreign'.
    Warning: Unknown or uninitialised column: 'foreign'.
    Warning: Unknown or uninitialised column: 'foreign'.
    --- finished re-building ‘codebook_qualtrics.Rmd’
    
    --- re-building ‘codebook_sav.Rmd’ using rmarkdown
    Warning in engine$weave(file, quiet = quiet, encoding = enc) :
     Pandoc (>= 1.12.3) and/or pandoc-citeproc not available. Falling back to R Markdown v1.
    
    Attaching package: 'dplyr'
    
    The following objects are masked from 'package:stats':
    
     filter, lag
    
    The following objects are masked from 'package:base':
    
     intersect, setdiff, setequal, union
    
    Registered S3 methods overwritten by 'codebook':
     method from
     as_factor.character forcats
     as_factor.numeric forcats
    --- finished re-building ‘codebook_sav.Rmd’
    
    --- re-building ‘codebook_tutorial.Rmd’ using rmarkdown
    Warning in engine$weave(file, quiet = quiet, encoding = enc) :
     Pandoc (>= 1.12.3) and/or pandoc-citeproc not available. Falling back to R Markdown v1.
    
    Attaching package: 'dplyr'
    
    The following objects are masked from 'package:stats':
    
     filter, lag
    
    The following objects are masked from 'package:base':
    
     intersect, setdiff, setequal, union
    
    --- finished re-building ‘codebook_tutorial.Rmd’
    
    SUMMARY: processing the following file failed:
     ‘codebook.Rmd’
    
    Error: Vignette re-building failed.
    Execution halted
Flavor: r-patched-solaris-x86

Version: 0.8.1
Check: re-building of vignette outputs
Result: WARN
    Error(s) in re-building vignettes:
    --- re-building ‘codebook.Rmd’ using rmarkdown
    Warning in engine$weave(file, quiet = quiet, encoding = enc) :
     Pandoc (>= 1.12.3) and/or pandoc-citeproc not available. Falling back to R Markdown v1.
    Registered S3 methods overwritten by 'codebook':
     method from
     as_factor.character forcats
     as_factor.numeric forcats
    Quitting from lines NA-15 (codebook.Rmd)
    Error: processing vignette 'codebook.Rmd' failed with diagnostics:
    cannot open the connection
    --- failed re-building ‘codebook.Rmd’
    
    --- re-building ‘codebook_qualtrics.Rmd’ using rmarkdown
    Warning in engine$weave(file, quiet = quiet, encoding = enc) :
     Pandoc (>= 1.12.3) and/or pandoc-citeproc not available. Falling back to R Markdown v1.
    Registered S3 methods overwritten by 'codebook':
     method from
     as_factor.character forcats
     as_factor.numeric forcats
    
    Attaching package: 'dplyr'
    
    The following objects are masked from 'package:stats':
    
     filter, lag
    
    The following objects are masked from 'package:base':
    
     intersect, setdiff, setequal, union
    
    Warning: Unknown or uninitialised column: 'foreign'.
    Warning: Unknown or uninitialised column: 'foreign'.
    Warning: Unknown or uninitialised column: 'foreign'.
    Warning in if (grepl("labelled", class(x[[i]]))) { :
     the condition has length > 1 and only the first element will be used
    Warning: Unknown or uninitialised column: 'foreign'.
    Warning in if (grepl("labelled", class(x[[i]]))) { :
     the condition has length > 1 and only the first element will be used
    Warning: Unknown or uninitialised column: 'foreign'.
    Warning: Unknown or uninitialised column: 'foreign'.
    Warning: Unknown or uninitialised column: 'foreign'.
    Warning: Unknown or uninitialised column: 'foreign'.
    Warning: Unknown or uninitialised column: 'foreign'.
    Warning: Unknown or uninitialised column: 'foreign'.
    Warning: Unknown or uninitialised column: 'foreign'.
    Warning: Unknown or uninitialised column: 'foreign'.
    Warning in if (grepl("labelled", class(x[[i]]))) { :
     the condition has length > 1 and only the first element will be used
    Warning: Unknown or uninitialised column: 'foreign'.
    Warning in if (grepl("labelled", class(x[[i]]))) { :
     the condition has length > 1 and only the first element will be used
    Warning: Unknown or uninitialised column: 'foreign'.
    Warning in if (grepl("labelled", class(x[[i]]))) { :
     the condition has length > 1 and only the first element will be used
    Warning: Unknown or uninitialised column: 'foreign'.
    Warning in if (grepl("labelled", class(x[[i]]))) { :
     the condition has length > 1 and only the first element will be used
    Warning: Unknown or uninitialised column: 'foreign'.
    Warning in if (grepl("labelled", class(x[[i]]))) { :
     the condition has length > 1 and only the first element will be used
    Warning: Unknown or uninitialised column: 'foreign'.
    Warning in if (grepl("labelled", class(x[[i]]))) { :
     the condition has length > 1 and only the first element will be used
    Warning: Unknown or uninitialised column: 'foreign'.
    Warning in if (grepl("labelled", class(x[[i]]))) { :
     the condition has length > 1 and only the first element will be used
    Warning: Unknown or uninitialised column: 'foreign'.
    Warning in if (grepl("labelled", class(x[[i]]))) { :
     the condition has length > 1 and only the first element will be used
    Warning: Unknown or uninitialised column: 'foreign'.
    Warning in if (grepl("labelled", class(x[[i]]))) { :
     the condition has length > 1 and only the first element will be used
    Warning: Unknown or uninitialised column: 'foreign'.
    Warning in if (grepl("labelled", class(x[[i]]))) { :
     the condition has length > 1 and only the first element will be used
    Warning: Unknown or uninitialised column: 'foreign'.
    Warning in if (grepl("labelled", class(x[[i]]))) { :
     the condition has length > 1 and only the first element will be used
    Warning: Unknown or uninitialised column: 'foreign'.
    Warning: Unknown or uninitialised column: 'foreign'.
    Warning in if (grepl("labelled", class(x[[i]]))) { :
     the condition has length > 1 and only the first element will be used
    Warning: Unknown or uninitialised column: 'foreign'.
    Warning in if (grepl("labelled", class(x[[i]]))) { :
     the condition has length > 1 and only the first element will be used
    Warning: Unknown or uninitialised column: 'foreign'.
    Warning in if (grepl("labelled", class(x[[i]]))) { :
     the condition has length > 1 and only the first element will be used
    Warning: Unknown or uninitialised column: 'foreign'.
    Warning in if (grepl("labelled", class(x[[i]]))) { :
     the condition has length > 1 and only the first element will be used
    Warning: Unknown or uninitialised column: 'foreign'.
    Warning in if (grepl("labelled", class(x[[i]]))) { :
     the condition has length > 1 and only the first element will be used
    Warning: Unknown or uninitialised column: 'foreign'.
    Warning in if (grepl("labelled", class(x[[i]]))) { :
     the condition has length > 1 and only the first element will be used
    Warning: Unknown or uninitialised column: 'foreign'.
    Warning: Unknown or uninitialised column: 'foreign'.
    Warning: Unknown or uninitialised column: 'foreign'.
    Warning: Unknown or uninitialised column: 'foreign'.
    Warning: Unknown or uninitialised column: 'foreign'.
    Warning: Unknown or uninitialised column: 'foreign'.
    --- finished re-building ‘codebook_qualtrics.Rmd’
    
    --- re-building ‘codebook_sav.Rmd’ using rmarkdown
    Warning in engine$weave(file, quiet = quiet, encoding = enc) :
     Pandoc (>= 1.12.3) and/or pandoc-citeproc not available. Falling back to R Markdown v1.
    
    Attaching package: 'dplyr'
    
    The following objects are masked from 'package:stats':
    
     filter, lag
    
    The following objects are masked from 'package:base':
    
     intersect, setdiff, setequal, union
    
    Registered S3 methods overwritten by 'codebook':
     method from
     as_factor.character forcats
     as_factor.numeric forcats
    --- finished re-building ‘codebook_sav.Rmd’
    
    --- re-building ‘codebook_tutorial.Rmd’ using rmarkdown
    Warning in engine$weave(file, quiet = quiet, encoding = enc) :
     Pandoc (>= 1.12.3) and/or pandoc-citeproc not available. Falling back to R Markdown v1.
    
    Attaching package: 'dplyr'
    
    The following objects are masked from 'package:stats':
    
     filter, lag
    
    The following objects are masked from 'package:base':
    
     intersect, setdiff, setequal, union
    
    --- finished re-building ‘codebook_tutorial.Rmd’
    
    SUMMARY: processing the following file failed:
     ‘codebook.Rmd’
    
    Error: Vignette re-building failed.
    Execution halted
Flavor: r-release-osx-x86_64

Version: 0.8.1
Check: re-building of vignette outputs
Result: WARN
    Error in re-building vignettes:
     ...
    Warning in engine$weave(file, quiet = quiet, encoding = enc) :
     Pandoc (>= 1.12.3) and/or pandoc-citeproc not available. Falling back to R Markdown v1.
    Quitting from lines NA-15 (codebook.Rmd)
    Error: processing vignette 'codebook.Rmd' failed with diagnostics:
    cannot open the connection
    Execution halted
Flavor: r-oldrel-osx-x86_64