CRAN Package Check Results for Package colorpatch

Last updated on 2019-07-16 00:48:02 CEST.

Flavor Version Tinstall Tcheck Ttotal Status Flags
r-devel-linux-x86_64-debian-clang 0.1.2 3.48 45.15 48.63 OK
r-devel-linux-x86_64-debian-gcc 0.1.2 3.31 36.29 39.60 OK
r-devel-linux-x86_64-fedora-clang 0.1.2 58.59 NOTE
r-devel-linux-x86_64-fedora-gcc 0.1.2 56.62 NOTE
r-devel-windows-ix86+x86_64 0.1.2 15.00 86.00 101.00 OK
r-patched-linux-x86_64 0.1.2 3.34 44.33 47.67 OK
r-patched-solaris-x86 0.1.2 86.30 NOTE
r-release-linux-x86_64 0.1.2 3.63 44.30 47.93 OK
r-release-windows-ix86+x86_64 0.1.2 11.00 87.00 98.00 OK
r-release-osx-x86_64 0.1.2 NOTE
r-oldrel-windows-ix86+x86_64 0.1.2 16.00 57.00 73.00 OK
r-oldrel-osx-x86_64 0.1.2 NOTE

Check Details

Version: 0.1.2
Check: dependencies in R code
Result: NOTE
    Namespaces in Imports field not imported from:
     ‘grid’ ‘gridExtra’
     All declared Imports should be used.
Flavors: r-devel-linux-x86_64-fedora-clang, r-devel-linux-x86_64-fedora-gcc, r-patched-solaris-x86, r-release-osx-x86_64, r-oldrel-osx-x86_64