CRAN Package Check Results for Package combinat

Last updated on 2019-06-26 00:47:13 CEST.

Flavor Version Tinstall Tcheck Ttotal Status Flags
r-devel-linux-x86_64-debian-clang 0.0-8 1.66 17.40 19.06 NOTE
r-devel-linux-x86_64-debian-gcc 0.0-8 1.45 14.36 15.81 NOTE
r-devel-linux-x86_64-fedora-clang 0.0-8 23.77 NOTE
r-devel-linux-x86_64-fedora-gcc 0.0-8 22.91 NOTE
r-devel-windows-ix86+x86_64 0.0-8 7.00 28.00 35.00 NOTE
r-patched-linux-x86_64 0.0-8 1.87 17.67 19.54 NOTE
r-patched-solaris-x86 0.0-8 38.00 NOTE
r-release-linux-x86_64 0.0-8 1.75 17.85 19.60 NOTE
r-release-windows-ix86+x86_64 0.0-8 4.00 37.00 41.00 NOTE
r-release-osx-x86_64 0.0-8 NOTE
r-oldrel-windows-ix86+x86_64 0.0-8 3.00 26.00 29.00 NOTE
r-oldrel-osx-x86_64 0.0-8 NOTE

Check Details

Version: 0.0-8
Check: DESCRIPTION meta-information
Result: NOTE
    Malformed Description field: should contain one or more complete sentences.
Flavors: r-devel-linux-x86_64-debian-clang, r-devel-linux-x86_64-debian-gcc, r-devel-linux-x86_64-fedora-clang, r-devel-linux-x86_64-fedora-gcc, r-devel-windows-ix86+x86_64, r-patched-linux-x86_64, r-patched-solaris-x86, r-release-linux-x86_64, r-release-windows-ix86+x86_64, r-release-osx-x86_64, r-oldrel-windows-ix86+x86_64, r-oldrel-osx-x86_64