CRAN Package Check Results for Package contoureR

Last updated on 2019-09-21 00:52:37 CEST.

Flavor Version Tinstall Tcheck Ttotal Status Flags
r-devel-linux-x86_64-debian-clang 1.0.5 26.92 27.46 54.38 OK
r-devel-linux-x86_64-debian-gcc 1.0.5 23.02 22.93 45.95 OK
r-devel-linux-x86_64-fedora-clang 1.0.5 84.61 NOTE
r-devel-linux-x86_64-fedora-gcc 1.0.5 78.41 NOTE
r-devel-windows-ix86+x86_64 1.0.5 89.00 93.00 182.00 OK
r-patched-linux-x86_64 1.0.5 24.74 27.83 52.57 OK
r-patched-solaris-x86 1.0.5 95.60 OK
r-release-linux-x86_64 1.0.5 23.69 27.65 51.34 OK
r-release-windows-ix86+x86_64 1.0.5 58.00 66.00 124.00 OK
r-release-osx-x86_64 1.0.5 OK
r-oldrel-windows-ix86+x86_64 1.0.5 64.00 64.00 128.00 OK
r-oldrel-osx-x86_64 1.0.5 OK

Check Details

Version: 1.0.5
Check: compiled code
Result: NOTE
    File ‘contoureR/libs/contoureR.so’:
     Found no calls to: ‘R_registerRoutines’, ‘R_useDynamicSymbols’
    
    It is good practice to register native routines and to disable symbol
    search.
    
    See ‘Writing portable packages’ in the ‘Writing R Extensions’ manual.
Flavors: r-devel-linux-x86_64-fedora-clang, r-devel-linux-x86_64-fedora-gcc