CRAN Package Check Results for Package contrast

Last updated on 2019-08-26 00:47:21 CEST.

Flavor Version Tinstall Tcheck Ttotal Status Flags
r-devel-linux-x86_64-debian-clang 0.21 11.05 90.46 101.51 OK
r-devel-linux-x86_64-debian-gcc 0.21 9.18 70.25 79.43 OK
r-devel-linux-x86_64-fedora-clang 0.21 122.71 NOTE
r-devel-linux-x86_64-fedora-gcc 0.21 118.28 NOTE
r-devel-windows-ix86+x86_64 0.21 47.00 113.00 160.00 OK
r-patched-linux-x86_64 0.21 8.14 87.87 96.01 OK
r-patched-solaris-x86 0.21 192.70 NOTE
r-release-linux-x86_64 0.21 8.15 87.68 95.83 OK
r-release-windows-ix86+x86_64 0.21 49.00 172.00 221.00 OK
r-release-osx-x86_64 0.21 NOTE
r-oldrel-windows-ix86+x86_64 0.21 20.00 161.00 181.00 OK
r-oldrel-osx-x86_64 0.21 NOTE

Check Details

Version: 0.21
Check: dependencies in R code
Result: NOTE
    Namespaces in Imports field not imported from:
     ‘Hmisc’ ‘MASS’ ‘geepack’
     All declared Imports should be used.
Flavors: r-devel-linux-x86_64-fedora-clang, r-devel-linux-x86_64-fedora-gcc, r-patched-solaris-x86, r-release-osx-x86_64, r-oldrel-osx-x86_64