CRAN Package Check Results for Package contrast

Last updated on 2020-01-22 00:48:53 CET.

Flavor Version Tinstall Tcheck Ttotal Status Flags
r-devel-linux-x86_64-debian-clang 0.21 13.02 105.67 118.69 OK
r-devel-linux-x86_64-debian-gcc 0.21 10.12 79.57 89.69 OK
r-devel-linux-x86_64-fedora-clang 0.21 139.41 NOTE
r-devel-linux-x86_64-fedora-gcc 0.21 136.83 NOTE
r-devel-windows-ix86+x86_64 0.21 54.00 122.00 176.00 OK
r-devel-windows-ix86+x86_64-gcc8 0.21 60.00 130.00 190.00 OK
r-patched-linux-x86_64 0.21 9.60 87.74 97.34 OK
r-patched-solaris-x86 0.21 197.10 NOTE
r-release-linux-x86_64 0.21 10.21 87.60 97.81 OK
r-release-windows-ix86+x86_64 0.21 28.00 179.00 207.00 OK
r-release-osx-x86_64 0.21 NOTE
r-oldrel-windows-ix86+x86_64 0.21 15.00 107.00 122.00 OK
r-oldrel-osx-x86_64 0.21 NOTE

Check Details

Version: 0.21
Check: dependencies in R code
Result: NOTE
    Namespaces in Imports field not imported from:
     ‘Hmisc’ ‘MASS’ ‘geepack’
     All declared Imports should be used.
Flavors: r-devel-linux-x86_64-fedora-clang, r-devel-linux-x86_64-fedora-gcc, r-patched-solaris-x86, r-release-osx-x86_64, r-oldrel-osx-x86_64