CRAN Package Check Results for Package convoSPAT

Last updated on 2019-06-18 00:51:32 CEST.

Flavor Version Tinstall Tcheck Ttotal Status Flags
r-devel-linux-x86_64-debian-clang 1.2.4 14.11 111.25 125.36 OK
r-devel-linux-x86_64-debian-gcc 1.2.4 12.92 88.68 101.60 OK
r-devel-linux-x86_64-fedora-clang 1.2.4 151.42 OK
r-devel-linux-x86_64-fedora-gcc 1.2.4 148.19 OK
r-devel-windows-ix86+x86_64 1.2.4 36.00 120.00 156.00 OK
r-patched-linux-x86_64 1.2.4 15.26 111.38 126.64 OK
r-patched-solaris-x86 1.2.4 241.90 OK
r-release-linux-x86_64 1.2.4 15.70 111.95 127.65 OK
r-release-windows-ix86+x86_64 1.2.4 23.00 155.00 178.00 OK
r-release-osx-x86_64 1.2.4 FAIL
r-oldrel-windows-ix86+x86_64 1.2.4 14.00 158.00 172.00 OK
r-oldrel-osx-x86_64 1.2.4 OK

Check Details

Version: 1.2.4
Check: whether package can be installed
Result: FAIL
    
Flavor: r-release-osx-x86_64