CRAN Package Check Results for Package covafillr

Last updated on 2019-07-16 00:48:02 CEST.

Flavor Version Tinstall Tcheck Ttotal Status Flags
r-devel-linux-x86_64-debian-clang 0.4.3 19.29 24.71 44.00 OK
r-devel-linux-x86_64-debian-gcc 0.4.3 20.57 20.62 41.19 OK
r-devel-linux-x86_64-fedora-clang 0.4.3 61.99 NOTE
r-devel-linux-x86_64-fedora-gcc 0.4.3 67.70 OK
r-devel-windows-ix86+x86_64 0.4.3 54.00 77.00 131.00 OK
r-patched-linux-x86_64 0.4.3 25.12 25.55 50.67 OK
r-patched-solaris-x86 0.4.3 70.80 OK
r-release-linux-x86_64 0.4.3 25.09 25.71 50.80 OK
r-release-windows-ix86+x86_64 0.4.3 36.00 72.00 108.00 OK
r-release-osx-x86_64 0.4.3 NOTE
r-oldrel-windows-ix86+x86_64 0.4.3 49.00 55.00 104.00 OK
r-oldrel-osx-x86_64 0.4.3 NOTE

Check Details

Version: 0.4.3
Check: installed package size
Result: NOTE
     installed size is 8.8Mb
     sub-directories of 1Mb or more:
     libs 8.2Mb
Flavors: r-devel-linux-x86_64-fedora-clang, r-release-osx-x86_64, r-oldrel-osx-x86_64