CRAN Package Check Results for Package cpa

Last updated on 2019-12-06 00:49:52 CET.

Flavor Version Tinstall Tcheck Ttotal Status Flags
r-devel-linux-x86_64-debian-clang 1.0 2.49 21.74 24.23 NOTE
r-devel-linux-x86_64-debian-gcc 1.0 2.07 18.00 20.07 NOTE
r-devel-linux-x86_64-fedora-clang 1.0 30.45 NOTE
r-devel-linux-x86_64-fedora-gcc 1.0 29.84 NOTE
r-devel-windows-ix86+x86_64 1.0 6.00 48.00 54.00 NOTE
r-devel-windows-ix86+x86_64-gcc8 1.0 6.00 33.00 39.00 NOTE
r-patched-linux-x86_64 1.0 2.15 21.41 23.56 NOTE
r-patched-solaris-x86 1.0 45.80 NOTE
r-release-linux-x86_64 1.0 2.23 21.07 23.30 NOTE
r-release-windows-ix86+x86_64 1.0 5.00 51.00 56.00 NOTE
r-release-osx-x86_64 1.0 NOTE
r-oldrel-windows-ix86+x86_64 1.0 4.00 33.00 37.00 NOTE
r-oldrel-osx-x86_64 1.0 NOTE

Check Details

Version: 1.0
Check: dependencies in R code
Result: NOTE
    Package in Depends field not imported from: 'tcltk'
     These packages need to be imported from (in the NAMESPACE file)
     for when this namespace is loaded but not attached.
Flavors: r-devel-linux-x86_64-debian-clang, r-devel-linux-x86_64-debian-gcc, r-devel-linux-x86_64-fedora-clang, r-devel-linux-x86_64-fedora-gcc, r-devel-windows-ix86+x86_64, r-devel-windows-ix86+x86_64-gcc8, r-patched-linux-x86_64, r-patched-solaris-x86, r-release-linux-x86_64, r-release-windows-ix86+x86_64, r-release-osx-x86_64, r-oldrel-windows-ix86+x86_64, r-oldrel-osx-x86_64

Version: 1.0
Check: R code for possible problems
Result: NOTE
    cpa : OpenX: no visible global function definition for 'tclvalue'
    cpa : OpenX: no visible global function definition for 'tkgetOpenFile'
    cpa : OpenX: no visible global function definition for 'read.table'
    cpa : OpenV: no visible global function definition for 'tclvalue'
    cpa : OpenV: no visible global function definition for 'tkgetOpenFile'
    cpa : OpenV: no visible global function definition for 'read.table'
    cpa : OpenA: no visible global function definition for 'tclvalue'
    cpa : OpenA: no visible global function definition for 'tkgetOpenFile'
    cpa : OpenA: no visible global function definition for 'read.table'
    cpa : Close: no visible global function definition for 'tkdestroy'
    cpa : PlotDAG: no visible global function definition for 'par'
    cpa : PlotDAG: no visible global function definition for 'plot'
    cpa : PlotDAG: no visible global function definition for 'arrows'
    cpa : PlotDAG: no visible global function definition for 'palette'
    cpa : PlotDAG: no visible global function definition for 'text'
    cpa : OnOK: no visible global function definition for 'as.formula'
    cpa : OnOK: no visible global function definition for 'lm'
    cpa : OnOK: no visible global function definition for 'coef'
    cpa : OnOK: no visible global function definition for 'pchisq'
    cpa : OnOK: no visible global function definition for 'tkmessageBox'
    cpa : OnOK: no visible global function definition for 'tclvalue'
    cpa : OnOK: no visible global function definition for 'tktoplevel'
    cpa : OnOK: no visible global function definition for 'tclVar'
    cpa : OnOK: no visible global function definition for 'tkentry'
    cpa : OnOK: no visible global function definition for 'tkgrid'
    cpa : OnOK: no visible global function definition for 'tklabel'
    cpa : OnOK : Save: no visible global function definition for 'tclvalue'
    cpa : OnOK : Save: no visible global function definition for
     'tkdestroy'
    cpa : OnOK: no visible global function definition for 'tkbutton'
    cpa : OnOK: no visible global function definition for 'tkbind'
    cpa : OnOK: no visible global function definition for 'tkfocus'
    cpa: no visible global function definition for 'tktoplevel'
    cpa: no visible global function definition for 'tkwm.title'
    cpa: no visible global function definition for 'tkbutton'
    cpa: no visible global function definition for 'tkgrid'
    cpa: no visible global function definition for 'tklabel'
    cpa: no visible global function definition for 'tkfocus'
    Undefined global functions or variables:
     arrows as.formula coef lm palette par pchisq plot read.table tclVar
     tclvalue text tkbind tkbutton tkdestroy tkentry tkfocus tkgetOpenFile
     tkgrid tklabel tkmessageBox tktoplevel tkwm.title
    Consider adding
     importFrom("grDevices", "palette")
     importFrom("graphics", "arrows", "par", "plot", "text")
     importFrom("stats", "as.formula", "coef", "lm", "pchisq")
     importFrom("utils", "read.table")
    to your NAMESPACE file.
Flavors: r-devel-linux-x86_64-debian-clang, r-devel-linux-x86_64-debian-gcc, r-devel-linux-x86_64-fedora-clang, r-devel-linux-x86_64-fedora-gcc, r-devel-windows-ix86+x86_64, r-devel-windows-ix86+x86_64-gcc8, r-patched-linux-x86_64, r-patched-solaris-x86, r-release-linux-x86_64, r-release-windows-ix86+x86_64, r-release-osx-x86_64, r-oldrel-windows-ix86+x86_64, r-oldrel-osx-x86_64