CRAN Package Check Results for Package crmPack

Last updated on 2019-10-15 00:49:52 CEST.

Flavor Version Tinstall Tcheck Ttotal Status Flags
r-devel-linux-x86_64-debian-clang 1.0.0 21.61 182.69 204.30 NOTE --no-vignettes
r-devel-linux-x86_64-debian-gcc 1.0.0 15.53 142.51 158.04 NOTE --no-vignettes
r-devel-linux-x86_64-fedora-clang 1.0.0 1480.58 OK
r-devel-linux-x86_64-fedora-gcc 1.0.0 1415.24 OK
r-devel-windows-ix86+x86_64 1.0.0 42.00 260.00 302.00 NOTE --no-vignettes
r-patched-linux-x86_64 1.0.0 20.84 174.39 195.23 OK --no-vignettes
r-patched-solaris-x86 1.0.0 291.90 OK --no-vignettes
r-release-linux-x86_64 1.0.0 19.19 175.01 194.20 OK --no-vignettes
r-release-windows-ix86+x86_64 1.0.0 61.00 189.00 250.00 OK --no-vignettes
r-release-osx-x86_64 1.0.0 OK
r-oldrel-windows-ix86+x86_64 1.0.0 35.00 266.00 301.00 OK --no-vignettes
r-oldrel-osx-x86_64 1.0.0 OK

Check Details

Version: 1.0.0
Flags: --no-vignettes
Check: package vignettes
Result: NOTE
    Package vignette with placeholder title 'Vignette Title':
     'guidelines.Rmd'
Flavors: r-devel-linux-x86_64-debian-clang, r-devel-linux-x86_64-debian-gcc, r-devel-windows-ix86+x86_64