CRAN Package Check Results for Package crop

Last updated on 2019-12-06 00:49:52 CET.

Flavor Version Tinstall Tcheck Ttotal Status Flags
r-devel-linux-x86_64-debian-clang 0.0-2 1.47 17.64 19.11 NOTE
r-devel-linux-x86_64-debian-gcc 0.0-2 1.34 14.03 15.37 NOTE
r-devel-linux-x86_64-fedora-clang 0.0-2 23.69 NOTE
r-devel-linux-x86_64-fedora-gcc 0.0-2 22.86 NOTE
r-devel-windows-ix86+x86_64 0.0-2 4.00 38.00 42.00 OK
r-devel-windows-ix86+x86_64-gcc8 0.0-2 4.00 28.00 32.00 OK
r-patched-linux-x86_64 0.0-2 1.25 16.46 17.71 OK
r-patched-solaris-x86 0.0-2 33.80 OK
r-release-linux-x86_64 0.0-2 1.21 16.31 17.52 OK
r-release-windows-ix86+x86_64 0.0-2 4.00 34.00 38.00 OK
r-release-osx-x86_64 0.0-2 OK
r-oldrel-windows-ix86+x86_64 0.0-2 2.00 23.00 25.00 OK
r-oldrel-osx-x86_64 0.0-2 OK

Check Details

Version: 0.0-2
Check: for non-standard things in the check directory
Result: NOTE
    Found the following files/directories:
     'crop.eps' 'crop.pdf' 'crop.png' 'crop.ps'
Flavors: r-devel-linux-x86_64-debian-clang, r-devel-linux-x86_64-debian-gcc, r-devel-linux-x86_64-fedora-clang, r-devel-linux-x86_64-fedora-gcc