CRAN Package Check Results for Package crop

Last updated on 2019-08-20 00:50:44 CEST.

Flavor Version Tinstall Tcheck Ttotal Status Flags
r-devel-linux-x86_64-debian-clang 0.0-2 1.75 16.89 18.64 NOTE
r-devel-linux-x86_64-debian-gcc 0.0-2 1.42 13.92 15.34 NOTE
r-devel-linux-x86_64-fedora-clang 0.0-2 24.79 NOTE
r-devel-linux-x86_64-fedora-gcc 0.0-2 22.35 NOTE
r-devel-windows-ix86+x86_64 0.0-2 6.00 37.00 43.00 OK
r-patched-linux-x86_64 0.0-2 1.25 16.86 18.11 OK
r-patched-solaris-x86 0.0-2 36.50 OK
r-release-linux-x86_64 0.0-2 1.43 16.95 18.38 OK
r-release-windows-ix86+x86_64 0.0-2 4.00 34.00 38.00 OK
r-release-osx-x86_64 0.0-2 OK
r-oldrel-windows-ix86+x86_64 0.0-2 2.00 23.00 25.00 OK
r-oldrel-osx-x86_64 0.0-2 OK

Check Details

Version: 0.0-2
Check: for non-standard things in the check directory
Result: NOTE
    Found the following files/directories:
     'crop.eps' 'crop.pdf' 'crop.png' 'crop.ps'
Flavors: r-devel-linux-x86_64-debian-clang, r-devel-linux-x86_64-debian-gcc, r-devel-linux-x86_64-fedora-clang, r-devel-linux-x86_64-fedora-gcc