CRAN Package Check Results for Package ctrdata

Last updated on 2019-07-16 00:48:03 CEST.

Flavor Version Tinstall Tcheck Ttotal Status Flags
r-devel-linux-x86_64-debian-clang 0.18.2 4.33 38.99 43.32 OK
r-devel-linux-x86_64-debian-gcc 0.18.2 3.68 30.55 34.23 OK
r-devel-linux-x86_64-fedora-clang 0.18.2 53.51 OK
r-devel-linux-x86_64-fedora-gcc 0.18.2 51.87 OK
r-devel-windows-ix86+x86_64 0.18.2 17.00 83.00 100.00 OK
r-patched-linux-x86_64 0.18.2 4.73 38.88 43.61 OK
r-patched-solaris-x86 0.18.2 77.40 OK
r-release-linux-x86_64 0.18.2 4.38 38.53 42.91 OK
r-release-windows-ix86+x86_64 0.18.2 10.00 81.00 91.00 OK
r-release-osx-x86_64 0.18.2 OK
r-oldrel-windows-ix86+x86_64 0.18.2 1.00 6.00 7.00 ERROR
r-oldrel-osx-x86_64 0.18.2 OK

Check Details

Version: 0.18.2
Check: whether package can be installed
Result: ERROR
    Installation failed.
Flavor: r-oldrel-windows-ix86+x86_64