CRAN Package Check Results for Package cuttlefish.model

Last updated on 2020-01-22 00:48:53 CET.

Flavor Version Tinstall Tcheck Ttotal Status Flags
r-devel-linux-x86_64-debian-clang 1.0 1.91 27.71 29.62 NOTE
r-devel-linux-x86_64-debian-gcc 1.0 1.81 21.63 23.44 NOTE
r-devel-linux-x86_64-fedora-clang 1.0 36.76 NOTE
r-devel-linux-x86_64-fedora-gcc 1.0 35.64 NOTE
r-devel-windows-ix86+x86_64 1.0 7.00 34.00 41.00 NOTE
r-devel-windows-ix86+x86_64-gcc8 1.0 6.00 57.00 63.00 NOTE
r-patched-linux-x86_64 1.0 1.87 25.54 27.41 NOTE
r-patched-solaris-x86 1.0 49.00 NOTE
r-release-linux-x86_64 1.0 1.89 25.79 27.68 NOTE
r-release-windows-ix86+x86_64 1.0 4.00 50.00 54.00 NOTE
r-release-osx-x86_64 1.0 NOTE
r-oldrel-windows-ix86+x86_64 1.0 2.00 32.00 34.00 NOTE
r-oldrel-osx-x86_64 1.0 NOTE

Check Details

Version: 1.0
Check: DESCRIPTION meta-information
Result: NOTE
    Malformed Description field: should contain one or more complete sentences.
Flavors: r-devel-linux-x86_64-debian-clang, r-devel-linux-x86_64-debian-gcc, r-devel-linux-x86_64-fedora-clang, r-devel-linux-x86_64-fedora-gcc, r-devel-windows-ix86+x86_64, r-devel-windows-ix86+x86_64-gcc8, r-patched-linux-x86_64, r-patched-solaris-x86, r-release-linux-x86_64, r-release-windows-ix86+x86_64, r-release-osx-x86_64, r-oldrel-windows-ix86+x86_64, r-oldrel-osx-x86_64

Version: 1.0
Check: R code for possible problems
Result: NOTE
    delta.glm: no visible global function definition for 'glm'
    delta.glm: no visible global function definition for 'residuals'
    delta.glm: no visible global function definition for 'fitted'
    delta.glm: no visible global function definition for 'predict.glm'
    two.stage.model.outputs: no visible global function definition for 'sd'
    Undefined global functions or variables:
     fitted glm predict.glm residuals sd
    Consider adding
     importFrom("stats", "fitted", "glm", "predict.glm", "residuals", "sd")
    to your NAMESPACE file.
Flavors: r-devel-linux-x86_64-debian-clang, r-devel-linux-x86_64-debian-gcc, r-devel-linux-x86_64-fedora-clang, r-devel-linux-x86_64-fedora-gcc, r-devel-windows-ix86+x86_64, r-devel-windows-ix86+x86_64-gcc8, r-patched-linux-x86_64, r-patched-solaris-x86, r-release-linux-x86_64, r-release-windows-ix86+x86_64, r-release-osx-x86_64, r-oldrel-windows-ix86+x86_64, r-oldrel-osx-x86_64