CRAN Package Check Results for Package cwm

Last updated on 2019-08-19 00:46:20 CEST.

Flavor Version Tinstall Tcheck Ttotal Status Flags
r-devel-linux-x86_64-debian-clang 0.0.3 3.08 47.21 50.29 NOTE
r-devel-linux-x86_64-debian-gcc 0.0.3 3.12 38.41 41.53 NOTE
r-devel-linux-x86_64-fedora-clang 0.0.3 64.61 NOTE
r-devel-linux-x86_64-fedora-gcc 0.0.3 60.69 NOTE
r-devel-windows-ix86+x86_64 0.0.3 9.00 82.00 91.00 NOTE
r-patched-linux-x86_64 0.0.3 3.45 47.46 50.91 NOTE
r-patched-solaris-x86 0.0.3 84.90 NOTE
r-release-linux-x86_64 0.0.3 2.53 47.18 49.71 NOTE
r-release-windows-ix86+x86_64 0.0.3 6.00 58.00 64.00 NOTE
r-release-osx-x86_64 0.0.3 NOTE
r-oldrel-windows-ix86+x86_64 0.0.3 8.00 74.00 82.00 NOTE
r-oldrel-osx-x86_64 0.0.3 NOTE

Check Details

Version: 0.0.3
Check: R code for possible problems
Result: NOTE
    .mixgauss_init: no visible global function definition for 'cov'
    .mixgauss_init: no visible global function definition for 'var'
    Undefined global functions or variables:
     cov var
    Consider adding
     importFrom("stats", "cov", "var")
    to your NAMESPACE file.
Flavors: r-devel-linux-x86_64-debian-clang, r-devel-linux-x86_64-debian-gcc, r-devel-linux-x86_64-fedora-clang, r-devel-linux-x86_64-fedora-gcc, r-devel-windows-ix86+x86_64, r-patched-linux-x86_64, r-patched-solaris-x86, r-release-linux-x86_64, r-release-windows-ix86+x86_64, r-release-osx-x86_64, r-oldrel-windows-ix86+x86_64, r-oldrel-osx-x86_64