CRAN Package Check Results for Package dataQualityR

Last updated on 2019-09-16 00:47:38 CEST.

Flavor Version Tinstall Tcheck Ttotal Status Flags
r-devel-linux-x86_64-debian-clang 1.0 1.80 18.61 20.41 NOTE
r-devel-linux-x86_64-debian-gcc 1.0 1.40 14.72 16.12 NOTE
r-devel-linux-x86_64-fedora-clang 1.0 25.04 NOTE
r-devel-linux-x86_64-fedora-gcc 1.0 24.11 NOTE
r-devel-windows-ix86+x86_64 1.0 5.00 39.00 44.00 NOTE
r-patched-linux-x86_64 1.0 1.38 18.42 19.80 NOTE
r-patched-solaris-x86 1.0 37.50 NOTE
r-release-linux-x86_64 1.0 1.53 18.27 19.80 NOTE
r-release-windows-ix86+x86_64 1.0 4.00 47.00 51.00 NOTE
r-release-osx-x86_64 1.0 NOTE
r-oldrel-windows-ix86+x86_64 1.0 2.00 28.00 30.00 NOTE
r-oldrel-osx-x86_64 1.0 NOTE

Check Details

Version: 1.0
Check: DESCRIPTION meta-information
Result: NOTE
    Malformed Description field: should contain one or more complete sentences.
    License components which are templates and need '+ file LICENSE':
     MIT
Flavors: r-devel-linux-x86_64-debian-clang, r-devel-linux-x86_64-debian-gcc, r-devel-linux-x86_64-fedora-clang, r-devel-linux-x86_64-fedora-gcc, r-patched-linux-x86_64, r-patched-solaris-x86, r-release-linux-x86_64, r-release-osx-x86_64, r-oldrel-osx-x86_64

Version: 1.0
Check: R code for possible problems
Result: NOTE
    checkDataQuality: no visible binding for global variable 'quantile'
    checkDataQuality: no visible global function definition for 'write.csv'
    Undefined global functions or variables:
     quantile write.csv
    Consider adding
     importFrom("stats", "quantile")
     importFrom("utils", "write.csv")
    to your NAMESPACE file.
Flavors: r-devel-linux-x86_64-debian-clang, r-devel-linux-x86_64-debian-gcc, r-devel-linux-x86_64-fedora-clang, r-devel-linux-x86_64-fedora-gcc, r-devel-windows-ix86+x86_64, r-patched-linux-x86_64, r-patched-solaris-x86, r-release-linux-x86_64, r-release-windows-ix86+x86_64, r-release-osx-x86_64, r-oldrel-windows-ix86+x86_64, r-oldrel-osx-x86_64

Version: 1.0
Check: DESCRIPTION meta-information
Result: NOTE
    Malformed Description field: should contain one or more complete sentences.
Flavors: r-devel-windows-ix86+x86_64, r-release-windows-ix86+x86_64, r-oldrel-windows-ix86+x86_64