CRAN Package Check Results for Package dataesgobr

Last updated on 2019-07-16 00:48:03 CEST.

Flavor Version Tinstall Tcheck Ttotal Status Flags
r-devel-linux-x86_64-debian-clang 1.0.0 4.75 45.02 49.77 OK
r-devel-linux-x86_64-debian-gcc 1.0.0 3.84 34.96 38.80 OK
r-devel-linux-x86_64-fedora-clang 1.0.0 59.30 NOTE
r-devel-linux-x86_64-fedora-gcc 1.0.0 56.32 NOTE
r-devel-windows-ix86+x86_64 1.0.0 20.00 66.00 86.00 OK
r-patched-linux-x86_64 1.0.0 4.84 43.63 48.47 OK
r-patched-solaris-x86 1.0.0 98.90 NOTE
r-release-linux-x86_64 1.0.0 5.40 43.78 49.18 OK
r-release-windows-ix86+x86_64 1.0.0 12.00 98.00 110.00 OK
r-release-osx-x86_64 1.0.0 NOTE
r-oldrel-windows-ix86+x86_64 1.0.0 12.00 85.00 97.00 OK
r-oldrel-osx-x86_64 1.0.0 NOTE

Check Details

Version: 1.0.0
Check: dependencies in R code
Result: NOTE
    Namespaces in Imports field not imported from:
     ‘DT’ ‘shinyFiles’ ‘shinycssloaders’ ‘shinyjs’ ‘shinythemes’
     All declared Imports should be used.
Flavors: r-devel-linux-x86_64-fedora-clang, r-devel-linux-x86_64-fedora-gcc, r-patched-solaris-x86, r-release-osx-x86_64, r-oldrel-osx-x86_64