CRAN Package Check Results for Package dataesgobr

Last updated on 2019-10-23 00:47:48 CEST.

Flavor Version Tinstall Tcheck Ttotal Status Flags
r-devel-linux-x86_64-debian-clang 1.0.0 5.74 44.66 50.40 OK
r-devel-linux-x86_64-debian-gcc 1.0.0 4.11 34.48 38.59 OK
r-devel-linux-x86_64-fedora-clang 1.0.0 60.34 NOTE
r-devel-linux-x86_64-fedora-gcc 1.0.0 57.58 NOTE
r-devel-windows-ix86+x86_64 1.0.0 17.00 88.00 105.00 OK
r-patched-linux-x86_64 1.0.0 4.93 42.79 47.72 OK
r-patched-solaris-x86 1.0.0 92.60 NOTE
r-release-linux-x86_64 1.0.0 5.21 43.13 48.34 OK
r-release-windows-ix86+x86_64 1.0.0 22.00 65.00 87.00 OK
r-release-osx-x86_64 1.0.0 NOTE
r-oldrel-windows-ix86+x86_64 1.0.0 10.00 106.00 116.00 OK
r-oldrel-osx-x86_64 1.0.0 NOTE

Check Details

Version: 1.0.0
Check: dependencies in R code
Result: NOTE
    Namespaces in Imports field not imported from:
     ‘DT’ ‘shinyFiles’ ‘shinycssloaders’ ‘shinyjs’ ‘shinythemes’
     All declared Imports should be used.
Flavors: r-devel-linux-x86_64-fedora-clang, r-devel-linux-x86_64-fedora-gcc, r-patched-solaris-x86, r-release-osx-x86_64, r-oldrel-osx-x86_64