CRAN Package Check Results for Package datapackage.r

Last updated on 2019-10-15 00:49:52 CEST.

Flavor Version Tinstall Tcheck Ttotal Status Flags
r-devel-linux-x86_64-debian-clang 0.1.1 6.50 99.88 106.38 OK
r-devel-linux-x86_64-debian-gcc 0.1.1 5.56 76.95 82.51 OK
r-devel-linux-x86_64-fedora-clang 0.1.1 122.29 NOTE
r-devel-linux-x86_64-fedora-gcc 0.1.1 120.90 NOTE
r-devel-windows-ix86+x86_64 0.1.1 15.00 154.00 169.00 OK
r-patched-linux-x86_64 0.1.1 5.79 98.97 104.76 OK
r-patched-solaris-x86 0.1.1 161.90 NOTE
r-release-linux-x86_64 0.1.1 6.48 98.50 104.98 OK
r-release-windows-ix86+x86_64 0.1.1 19.00 156.00 175.00 OK
r-release-osx-x86_64 0.1.1 ERROR
r-oldrel-windows-ix86+x86_64 0.1.1 10.00 137.00 147.00 OK
r-oldrel-osx-x86_64 0.1.1 ERROR

Check Details

Version: 0.1.1
Check: dependencies in R code
Result: NOTE
    Namespaces in Imports field not imported from:
     ‘future’ ‘iterators’ ‘readr’
     All declared Imports should be used.
Flavors: r-devel-linux-x86_64-fedora-clang, r-devel-linux-x86_64-fedora-gcc, r-patched-solaris-x86, r-release-osx-x86_64, r-oldrel-osx-x86_64

Version: 0.1.1
Check: tests
Result: ERROR
     Running ‘testthat.R’ [28s/56s]
    Running the tests in ‘tests/testthat.R’ failed.
    Last 13 lines of output:
     message <- DataPackageError$new(stringr::str_interp("Not resolved Remote URI \"${value}\" for descriptor[[${property}]]"))$message
     stop(message)
     })
     9: tryCatchList(expr, classes, parentenv, handlers)
     10: tryCatchOne(expr, names, parentenv, handlers[[1L]])
     11: value[[3L]](cond)
     12: stop(message)
    
     ══ testthat results ═══════════════════════════════════════════════════════════
     [ OK: 247 | SKIPPED: 0 | WARNINGS: 0 | FAILED: 2 ]
     1. Error: remote (@test-package.R#226)
     2. Error: remote (@test-resource.R#163)
    
     Error: testthat unit tests failed
     Execution halted
Flavor: r-release-osx-x86_64

Version: 0.1.1
Check: tests
Result: ERROR
     Running ‘testthat.R’ [27s/55s]
    Running the tests in ‘tests/testthat.R’ failed.
    Last 13 lines of output:
     message <- DataPackageError$new(stringr::str_interp("Not resolved Remote URI \"${value}\" for descriptor[[${property}]]"))$message
     stop(message)
     })
     9: tryCatchList(expr, classes, parentenv, handlers)
     10: tryCatchOne(expr, names, parentenv, handlers[[1L]])
     11: value[[3L]](cond)
     12: stop(message)
    
     ══ testthat results ═══════════════════════════════════════════════════════════
     [ OK: 247 | SKIPPED: 0 | WARNINGS: 0 | FAILED: 2 ]
     1. Error: remote (@test-package.R#226)
     2. Error: remote (@test-resource.R#163)
    
     Error: testthat unit tests failed
     Execution halted
Flavor: r-oldrel-osx-x86_64