CRAN Package Check Results for Package datapackage.r

Last updated on 2019-07-16 00:48:03 CEST.

Flavor Version Tinstall Tcheck Ttotal Status Flags
r-devel-linux-x86_64-debian-clang 0.1.1 6.29 101.76 108.05 OK
r-devel-linux-x86_64-debian-gcc 0.1.1 5.07 76.81 81.88 OK
r-devel-linux-x86_64-fedora-clang 0.1.1 116.59 NOTE
r-devel-linux-x86_64-fedora-gcc 0.1.1 120.17 NOTE
r-devel-windows-ix86+x86_64 0.1.1 18.00 256.00 274.00 OK
r-patched-linux-x86_64 0.1.1 6.28 99.76 106.04 OK
r-patched-solaris-x86 0.1.1 164.50 NOTE
r-release-linux-x86_64 0.1.1 7.53 98.90 106.43 OK
r-release-windows-ix86+x86_64 0.1.1 12.00 255.00 267.00 OK
r-release-osx-x86_64 0.1.1 ERROR
r-oldrel-windows-ix86+x86_64 0.1.1 16.00 226.00 242.00 OK
r-oldrel-osx-x86_64 0.1.1 ERROR

Check Details

Version: 0.1.1
Check: dependencies in R code
Result: NOTE
    Namespaces in Imports field not imported from:
     ‘future’ ‘iterators’ ‘readr’
     All declared Imports should be used.
Flavors: r-devel-linux-x86_64-fedora-clang, r-devel-linux-x86_64-fedora-gcc, r-patched-solaris-x86, r-release-osx-x86_64, r-oldrel-osx-x86_64

Version: 0.1.1
Check: tests
Result: ERROR
     Running ‘testthat.R’ [27s/55s]
    Running the tests in ‘tests/testthat.R’ failed.
    Last 13 lines of output:
     message <- DataPackageError$new(stringr::str_interp("Not resolved Remote URI \"${value}\" for descriptor[[${property}]]"))$message
     stop(message)
     })
     9: tryCatchList(expr, classes, parentenv, handlers)
     10: tryCatchOne(expr, names, parentenv, handlers[[1L]])
     11: value[[3L]](cond)
     12: stop(message)
    
     ══ testthat results ═══════════════════════════════════════════════════════════
     OK: 247 SKIPPED: 0 WARNINGS: 0 FAILED: 2
     1. Error: remote (@test-package.R#226)
     2. Error: remote (@test-resource.R#163)
    
     Error: testthat unit tests failed
     Execution halted
Flavor: r-release-osx-x86_64

Version: 0.1.1
Check: tests
Result: ERROR
     Running ‘testthat.R’ [27s/59s]
    Running the tests in ‘tests/testthat.R’ failed.
    Last 13 lines of output:
     message <- DataPackageError$new(stringr::str_interp("Not resolved Remote URI \"${value}\" for descriptor[[${property}]]"))$message
     stop(message)
     })
     9: tryCatchList(expr, classes, parentenv, handlers)
     10: tryCatchOne(expr, names, parentenv, handlers[[1L]])
     11: value[[3L]](cond)
     12: stop(message)
    
     ══ testthat results ═══════════════════════════════════════════════════════════
     OK: 247 SKIPPED: 0 WARNINGS: 0 FAILED: 2
     1. Error: remote (@test-package.R#226)
     2. Error: remote (@test-resource.R#163)
    
     Error: testthat unit tests failed
     Execution halted
Flavor: r-oldrel-osx-x86_64