CRAN Package Check Results for Package datarobot

Last updated on 2019-09-16 00:47:38 CEST.

Flavor Version Tinstall Tcheck Ttotal Status Flags
r-devel-linux-x86_64-debian-clang 2.14.2 9.69 149.48 159.17 OK
r-devel-linux-x86_64-debian-gcc 2.14.2 7.55 119.90 127.45 OK
r-devel-linux-x86_64-fedora-clang 2.14.2 187.63 NOTE
r-devel-linux-x86_64-fedora-gcc 2.14.2 186.13 NOTE
r-devel-windows-ix86+x86_64 2.14.2 27.00 132.00 159.00 NOTE
r-patched-linux-x86_64 2.14.2 7.86 148.86 156.72 OK
r-patched-solaris-x86 2.14.2 163.30 NOTE
r-release-linux-x86_64 2.14.2 8.41 147.79 156.20 OK
r-release-windows-ix86+x86_64 2.14.2 17.00 126.00 143.00 NOTE
r-release-osx-x86_64 2.14.2 NOTE
r-oldrel-windows-ix86+x86_64 2.14.2 22.00 113.00 135.00 NOTE
r-oldrel-osx-x86_64 2.14.2 NOTE

Check Details

Version: 2.14.2
Check: installed package size
Result: NOTE
     installed size is 8.8Mb
     sub-directories of 1Mb or more:
     doc 2.2Mb
     extdata 5.5Mb
Flavors: r-devel-linux-x86_64-fedora-clang, r-devel-windows-ix86+x86_64, r-patched-solaris-x86, r-release-windows-ix86+x86_64, r-release-osx-x86_64, r-oldrel-windows-ix86+x86_64, r-oldrel-osx-x86_64

Version: 2.14.2
Check: dependencies in R code
Result: NOTE
    Namespace in Imports field not imported from: ‘curl’
     All declared Imports should be used.
Flavors: r-devel-linux-x86_64-fedora-clang, r-devel-linux-x86_64-fedora-gcc, r-patched-solaris-x86, r-release-osx-x86_64, r-oldrel-osx-x86_64