CRAN Package Check Results for Package deGradInfer

Last updated on 2019-12-06 00:49:53 CET.

Flavor Version Tinstall Tcheck Ttotal Status Flags
r-devel-linux-x86_64-debian-clang 1.0.0 11.09 136.11 147.20 ERROR
r-devel-linux-x86_64-debian-gcc 1.0.0 9.58 103.40 112.98 ERROR
r-devel-linux-x86_64-fedora-clang 1.0.0 160.28 OK
r-devel-linux-x86_64-fedora-gcc 1.0.0 159.55 OK
r-devel-windows-ix86+x86_64 1.0.0 21.00 180.00 201.00 OK
r-devel-windows-ix86+x86_64-gcc8 1.0.0 22.00 139.00 161.00 OK
r-patched-linux-x86_64 1.0.0 9.79 118.44 128.23 OK
r-patched-solaris-x86 1.0.0 222.10 OK
r-release-linux-x86_64 1.0.0 9.25 118.36 127.61 OK
r-release-windows-ix86+x86_64 1.0.0 20.00 128.00 148.00 OK
r-release-osx-x86_64 1.0.0 OK
r-oldrel-windows-ix86+x86_64 1.0.0 12.00 170.00 182.00 OK
r-oldrel-osx-x86_64 1.0.0 OK

Check Details

Version: 1.0.0
Check: tests
Result: ERROR
     Running 'testthat.R' [30s/34s]
    Running the tests in 'tests/testthat.R' failed.
    Complete output:
     > library(testthat)
     > library(deGradInfer)
     >
     > test_check("deGradInfer")
     -- 1. Failure: Default prior works (@test_arguments.R#25) ---------------------
     `agm(...)` produced warnings.
    
     -- 2. Failure: User-specified prior works (@test_arguments.R#32) --------------
     `agm(...)` produced warnings.
    
     == testthat results ===========================================================
     [ OK: 3 | SKIPPED: 4 | WARNINGS: 935 | FAILED: 2 ]
     1. Failure: Default prior works (@test_arguments.R#25)
     2. Failure: User-specified prior works (@test_arguments.R#32)
    
     Error: testthat unit tests failed
     Execution halted
Flavor: r-devel-linux-x86_64-debian-clang

Version: 1.0.0
Check: tests
Result: ERROR
     Running ‘testthat.R’ [23s/35s]
    Running the tests in ‘tests/testthat.R’ failed.
    Complete output:
     > library(testthat)
     > library(deGradInfer)
     >
     > test_check("deGradInfer")
     ── 1. Failure: Default prior works (@test_arguments.R#25) ─────────────────────
     `agm(...)` produced warnings.
    
     ── 2. Failure: User-specified prior works (@test_arguments.R#32) ──────────────
     `agm(...)` produced warnings.
    
     ══ testthat results ═══════════════════════════════════════════════════════════
     [ OK: 3 | SKIPPED: 4 | WARNINGS: 935 | FAILED: 2 ]
     1. Failure: Default prior works (@test_arguments.R#25)
     2. Failure: User-specified prior works (@test_arguments.R#32)
    
     Error: testthat unit tests failed
     Execution halted
Flavor: r-devel-linux-x86_64-debian-gcc