CRAN Package Check Results for Package demu

Last updated on 2019-10-15 00:49:52 CEST.

Flavor Version Tinstall Tcheck Ttotal Status Flags
r-devel-linux-x86_64-debian-clang 0.2.0 50.22 84.78 135.00 NOTE
r-devel-linux-x86_64-debian-gcc 0.2.0 39.40 65.75 105.15 NOTE
r-devel-linux-x86_64-fedora-clang 0.2.0 184.14 NOTE
r-devel-linux-x86_64-fedora-gcc 0.2.0 170.36 NOTE
r-devel-windows-ix86+x86_64 0.2.0 97.00 200.00 297.00 OK
r-patched-linux-x86_64 0.2.0 42.06 81.50 123.56 NOTE
r-patched-solaris-x86 0.2.0 207.90 NOTE
r-release-linux-x86_64 0.2.0 41.38 80.49 121.87 NOTE
r-release-windows-ix86+x86_64 0.2.0 124.00 138.00 262.00 OK
r-release-osx-x86_64 0.2.0 NOTE
r-oldrel-windows-ix86+x86_64 0.2.0 70.00 135.00 205.00 OK
r-oldrel-osx-x86_64 0.2.0 NOTE

Additional issues

gcc-UBSAN

Check Details

Version: 0.2.0
Check: use of SHLIB_OPENMP_*FLAGS in Makefiles
Result: NOTE
     src/Makevars: SHLIB_OPENMP_CXXFLAGS is included in PKG_CXXFLAGS but not in PKG_LIBS
     src/Makevars: SHLIB_OPENMP_CFLAGS is included in PKG_LIBS but linking is by C++
     src/Makevars.win: SHLIB_OPENMP_CXXFLAGS is included in PKG_CXXFLAGS but not in PKG_LIBS
     src/Makevars.win: SHLIB_OPENMP_CFLAGS is included in PKG_LIBS but linking is by C++
    Use of these macros is discussed in sect 1.2.1.1 of 'Writing R
    Extensions'. The macros for different languages may differ so the
    matching macro must be used in PKG_CXXFLAGS (etc) and match that used
    in PKG_LIBS (except for Fortran: see the manual).
Flavors: r-devel-linux-x86_64-debian-clang, r-devel-linux-x86_64-debian-gcc, r-devel-linux-x86_64-fedora-clang, r-devel-linux-x86_64-fedora-gcc, r-patched-linux-x86_64, r-release-linux-x86_64

Version: 0.2.0
Check: dependencies in R code
Result: NOTE
    Namespace in Imports field not imported from: ‘Matrix’
     All declared Imports should be used.
Flavors: r-devel-linux-x86_64-fedora-clang, r-devel-linux-x86_64-fedora-gcc, r-patched-solaris-x86, r-release-osx-x86_64, r-oldrel-osx-x86_64