CRAN Package Check Results for Package depmixS4

Last updated on 2019-09-21 00:52:38 CEST.

Flavor Version Tinstall Tcheck Ttotal Status Flags
r-devel-linux-x86_64-debian-clang 1.4-0 10.17 96.19 106.36 NOTE
r-devel-linux-x86_64-debian-gcc 1.4-0 7.80 69.53 77.33 NOTE
r-devel-linux-x86_64-fedora-clang 1.4-0 124.42 NOTE
r-devel-linux-x86_64-fedora-gcc 1.4-0 120.65 NOTE
r-devel-windows-ix86+x86_64 1.4-0 29.00 153.00 182.00 NOTE
r-patched-linux-x86_64 1.4-0 7.99 92.89 100.88 NOTE
r-patched-solaris-x86 1.4-0 163.40 NOTE
r-release-linux-x86_64 1.4-0 8.43 92.72 101.15 NOTE
r-release-windows-ix86+x86_64 1.4-0 17.00 189.00 206.00 NOTE
r-release-osx-x86_64 1.4-0 NOTE
r-oldrel-windows-ix86+x86_64 1.4-0 15.00 140.00 155.00 NOTE
r-oldrel-osx-x86_64 1.4-0 NOTE

Check Details

Version: 1.4-0
Check: package dependencies
Result: NOTE
    Package suggested but not available for checking: 'Rdonlp2'
Flavors: r-devel-linux-x86_64-debian-clang, r-devel-linux-x86_64-debian-gcc, r-devel-linux-x86_64-fedora-clang, r-devel-linux-x86_64-fedora-gcc, r-devel-windows-ix86+x86_64, r-patched-linux-x86_64, r-patched-solaris-x86, r-release-linux-x86_64, r-release-windows-ix86+x86_64, r-release-osx-x86_64, r-oldrel-windows-ix86+x86_64, r-oldrel-osx-x86_64