CRAN Package Check Results for Package depmixS4

Last updated on 2019-06-21 00:52:03 CEST.

Flavor Version Tinstall Tcheck Ttotal Status Flags
r-devel-linux-x86_64-debian-clang 1.3-5 8.02 87.62 95.64 NOTE
r-devel-linux-x86_64-debian-gcc 1.3-5 7.00 64.08 71.08 NOTE
r-devel-linux-x86_64-fedora-clang 1.3-5 112.31 NOTE
r-devel-linux-x86_64-fedora-gcc 1.3-5 109.02 NOTE
r-devel-windows-ix86+x86_64 1.3-5 26.00 131.00 157.00 NOTE
r-patched-linux-x86_64 1.3-5 8.06 85.78 93.84 NOTE
r-patched-solaris-x86 1.3-5 152.30 NOTE
r-release-linux-x86_64 1.3-5 7.33 85.80 93.13 NOTE
r-release-windows-ix86+x86_64 1.3-5 24.00 164.00 188.00 NOTE
r-release-osx-x86_64 1.3-5 NOTE
r-oldrel-windows-ix86+x86_64 1.3-5 11.00 161.00 172.00 NOTE
r-oldrel-osx-x86_64 1.3-5 NOTE

Check Details

Version: 1.3-5
Check: package dependencies
Result: NOTE
    Package suggested but not available for checking: 'Rdonlp2'
Flavors: r-devel-linux-x86_64-debian-clang, r-devel-linux-x86_64-debian-gcc, r-devel-linux-x86_64-fedora-clang, r-devel-linux-x86_64-fedora-gcc, r-devel-windows-ix86+x86_64, r-patched-linux-x86_64, r-patched-solaris-x86, r-release-linux-x86_64, r-release-windows-ix86+x86_64, r-release-osx-x86_64, r-oldrel-windows-ix86+x86_64, r-oldrel-osx-x86_64