CRAN Package Check Results for Package dirmult

Last updated on 2019-06-18 00:51:34 CEST.

Flavor Version Tinstall Tcheck Ttotal Status Flags
r-devel-linux-x86_64-debian-clang 0.1.3-4 2.29 23.95 26.24 NOTE
r-devel-linux-x86_64-debian-gcc 0.1.3-4 1.68 18.55 20.23 NOTE
r-devel-linux-x86_64-fedora-clang 0.1.3-4 31.58 NOTE
r-devel-linux-x86_64-fedora-gcc 0.1.3-4 29.73 NOTE
r-devel-windows-ix86+x86_64 0.1.3-4 8.00 35.00 43.00 NOTE
r-patched-linux-x86_64 0.1.3-4 2.22 23.48 25.70 NOTE
r-patched-solaris-x86 0.1.3-4 48.60 NOTE
r-release-linux-x86_64 0.1.3-4 2.41 23.45 25.86 NOTE
r-release-windows-ix86+x86_64 0.1.3-4 5.00 47.00 52.00 NOTE
r-release-osx-x86_64 0.1.3-4 NOTE
r-oldrel-windows-ix86+x86_64 0.1.3-4 3.00 32.00 35.00 NOTE
r-oldrel-osx-x86_64 0.1.3-4 NOTE

Check Details

Version: 0.1.3-4
Check: DESCRIPTION meta-information
Result: NOTE
    Malformed Title field: should not end in a period.
Flavors: r-devel-linux-x86_64-debian-clang, r-devel-linux-x86_64-debian-gcc, r-devel-linux-x86_64-fedora-clang, r-devel-linux-x86_64-fedora-gcc, r-devel-windows-ix86+x86_64, r-patched-linux-x86_64, r-patched-solaris-x86, r-release-linux-x86_64, r-release-windows-ix86+x86_64, r-release-osx-x86_64, r-oldrel-windows-ix86+x86_64, r-oldrel-osx-x86_64

Version: 0.1.3-4
Check: top-level files
Result: NOTE
    Non-standard file/directory found at top level:
     'dirmult.pdf'
Flavors: r-devel-linux-x86_64-debian-clang, r-devel-linux-x86_64-debian-gcc, r-devel-linux-x86_64-fedora-clang, r-devel-linux-x86_64-fedora-gcc, r-patched-linux-x86_64, r-release-linux-x86_64

Version: 0.1.3-4
Check: R code for possible problems
Result: NOTE
    nullTest: no visible global function definition for 'rmultinom'
    rdirichlet: no visible global function definition for 'rgamma'
    simPop: no visible global function definition for 'rnorm'
    simPop: no visible global function definition for 'rmultinom'
    Undefined global functions or variables:
     rgamma rmultinom rnorm
    Consider adding
     importFrom("stats", "rgamma", "rmultinom", "rnorm")
    to your NAMESPACE file.
Flavors: r-devel-linux-x86_64-debian-clang, r-devel-linux-x86_64-debian-gcc, r-devel-linux-x86_64-fedora-clang, r-devel-linux-x86_64-fedora-gcc, r-devel-windows-ix86+x86_64, r-patched-linux-x86_64, r-patched-solaris-x86, r-release-linux-x86_64, r-release-windows-ix86+x86_64, r-release-osx-x86_64, r-oldrel-windows-ix86+x86_64, r-oldrel-osx-x86_64