CRAN Package Check Results for Package dirmult

Last updated on 2019-09-17 00:49:12 CEST.

Flavor Version Tinstall Tcheck Ttotal Status Flags
r-devel-linux-x86_64-debian-clang 0.1.3-4 2.36 23.15 25.51 NOTE
r-devel-linux-x86_64-debian-gcc 0.1.3-4 NOTE
r-devel-linux-x86_64-fedora-clang 0.1.3-4 31.74 NOTE
r-devel-linux-x86_64-fedora-gcc 0.1.3-4 31.37 NOTE
r-devel-windows-ix86+x86_64 0.1.3-4 15.00 46.00 61.00 NOTE
r-patched-linux-x86_64 0.1.3-4 2.01 22.77 24.78 NOTE
r-patched-solaris-x86 0.1.3-4 47.60 NOTE
r-release-linux-x86_64 0.1.3-4 1.88 23.70 25.58 NOTE
r-release-windows-ix86+x86_64 0.1.3-4 5.00 47.00 52.00 NOTE
r-release-osx-x86_64 0.1.3-4 NOTE
r-oldrel-windows-ix86+x86_64 0.1.3-4 3.00 32.00 35.00 NOTE
r-oldrel-osx-x86_64 0.1.3-4 NOTE

Check Details

Version: 0.1.3-4
Check: DESCRIPTION meta-information
Result: NOTE
    Malformed Title field: should not end in a period.
Flavors: r-devel-linux-x86_64-debian-clang, r-devel-linux-x86_64-debian-gcc, r-devel-linux-x86_64-fedora-clang, r-devel-linux-x86_64-fedora-gcc, r-devel-windows-ix86+x86_64, r-patched-linux-x86_64, r-patched-solaris-x86, r-release-linux-x86_64, r-release-windows-ix86+x86_64, r-release-osx-x86_64, r-oldrel-windows-ix86+x86_64, r-oldrel-osx-x86_64

Version: 0.1.3-4
Check: top-level files
Result: NOTE
    Non-standard file/directory found at top level:
     'dirmult.pdf'
Flavors: r-devel-linux-x86_64-debian-clang, r-devel-linux-x86_64-debian-gcc, r-devel-linux-x86_64-fedora-clang, r-devel-linux-x86_64-fedora-gcc, r-patched-linux-x86_64, r-release-linux-x86_64

Version: 0.1.3-4
Check: R code for possible problems
Result: NOTE
    nullTest: no visible global function definition for 'rmultinom'
    rdirichlet: no visible global function definition for 'rgamma'
    simPop: no visible global function definition for 'rnorm'
    simPop: no visible global function definition for 'rmultinom'
    Undefined global functions or variables:
     rgamma rmultinom rnorm
    Consider adding
     importFrom("stats", "rgamma", "rmultinom", "rnorm")
    to your NAMESPACE file.
Flavors: r-devel-linux-x86_64-debian-clang, r-devel-linux-x86_64-debian-gcc, r-devel-linux-x86_64-fedora-clang, r-devel-linux-x86_64-fedora-gcc, r-devel-windows-ix86+x86_64, r-patched-linux-x86_64, r-patched-solaris-x86, r-release-linux-x86_64, r-release-windows-ix86+x86_64, r-release-osx-x86_64, r-oldrel-windows-ix86+x86_64, r-oldrel-osx-x86_64