CRAN Package Check Results for Package distreg.vis

Last updated on 2019-07-16 00:48:05 CEST.

Flavor Version Tinstall Tcheck Ttotal Status Flags
r-devel-linux-x86_64-debian-clang 1.5.0 9.27 117.83 127.10 OK
r-devel-linux-x86_64-debian-gcc 1.5.0 9.14 89.73 98.87 OK
r-devel-linux-x86_64-fedora-clang 1.5.0 147.82 NOTE
r-devel-linux-x86_64-fedora-gcc 1.5.0 151.98 NOTE
r-devel-windows-ix86+x86_64 1.5.0 37.00 192.00 229.00 OK
r-patched-linux-x86_64 1.5.0 9.06 112.81 121.87 OK
r-patched-solaris-x86 1.5.0 223.70 NOTE
r-release-linux-x86_64 1.5.0 9.81 112.45 122.26 OK
r-release-windows-ix86+x86_64 1.5.0 24.00 191.00 215.00 OK
r-release-osx-x86_64 1.5.0 NOTE
r-oldrel-windows-ix86+x86_64 1.5.0 26.00 123.00 149.00 OK
r-oldrel-osx-x86_64 1.5.0 NOTE

Check Details

Version: 1.5.0
Check: dependencies in R code
Result: NOTE
    Namespace in Imports field not imported from: ‘mvtnorm’
     All declared Imports should be used.
Flavors: r-devel-linux-x86_64-fedora-clang, r-devel-linux-x86_64-fedora-gcc, r-patched-solaris-x86, r-release-osx-x86_64, r-oldrel-osx-x86_64