CRAN Package Check Results for Package diveMove

Last updated on 2019-12-06 00:49:53 CET.

Flavor Version Tinstall Tcheck Ttotal Status Flags
r-devel-linux-x86_64-debian-clang 1.4.5 17.45 435.84 453.29 OK
r-devel-linux-x86_64-debian-gcc 1.4.5 12.38 314.04 326.42 OK
r-devel-linux-x86_64-fedora-clang 1.4.5 479.46 OK
r-devel-linux-x86_64-fedora-gcc 1.4.5 476.86 OK
r-devel-windows-ix86+x86_64 1.4.5 27.00 1080.00 1107.00 OK
r-devel-windows-ix86+x86_64-gcc8 1.4.5 30.00 866.00 896.00 OK
r-patched-linux-x86_64 1.4.5 15.11 367.42 382.53 OK
r-patched-solaris-x86 1.4.5 639.20 OK
r-release-linux-x86_64 1.4.5 12.84 372.54 385.38 OK
r-release-windows-ix86+x86_64 1.4.5 32.00 662.00 694.00 OK
r-release-osx-x86_64 1.4.5 FAIL
r-oldrel-windows-ix86+x86_64 1.4.5 18.00 817.00 835.00 OK
r-oldrel-osx-x86_64 1.4.5 OK

Check Details

Version: 1.4.5
Check: dependencies in R code
Result: FAIL
    
Flavor: r-release-osx-x86_64