CRAN Package Check Results for Package diveMove

Last updated on 2019-08-19 00:46:21 CEST.

Flavor Version Tinstall Tcheck Ttotal Status Flags
r-devel-linux-x86_64-debian-clang 1.4.5 14.63 388.10 402.73 OK
r-devel-linux-x86_64-debian-gcc 1.4.5 11.68 288.88 300.56 OK
r-devel-linux-x86_64-fedora-clang 1.4.5 454.27 OK
r-devel-linux-x86_64-fedora-gcc 1.4.5 464.51 OK
r-devel-windows-ix86+x86_64 1.4.5 36.00 824.00 860.00 OK
r-patched-linux-x86_64 1.4.5 13.65 371.74 385.39 OK
r-patched-solaris-x86 1.4.5 645.90 OK
r-release-linux-x86_64 1.4.5 12.82 372.99 385.81 OK
r-release-windows-ix86+x86_64 1.4.5 22.00 620.00 642.00 OK
r-release-osx-x86_64 1.4.5 FAIL
r-oldrel-windows-ix86+x86_64 1.4.5 27.00 811.00 838.00 OK
r-oldrel-osx-x86_64 1.4.5 OK

Check Details

Version: 1.4.5
Check: dependencies in R code
Result: FAIL
    
Flavor: r-release-osx-x86_64