CRAN Package Check Results for Package diversityForest

Last updated on 2020-04-01 00:48:41 CEST.

Flavor Version Tinstall Tcheck Ttotal Status Flags
r-devel-linux-x86_64-debian-clang 0.2.0 133.64 63.94 197.58 OK
r-devel-linux-x86_64-debian-gcc 0.2.0 88.01 49.63 137.64 OK
r-devel-linux-x86_64-fedora-clang 0.2.0 268.32 NOTE
r-devel-linux-x86_64-fedora-gcc 0.2.0 240.58 OK
r-devel-windows-ix86+x86_64 0.2.0 214.00 102.00 316.00 OK
r-devel-windows-ix86+x86_64-gcc8 0.2.0 226.00 102.00 328.00 OK
r-patched-linux-x86_64 0.2.0 98.11 61.17 159.28 OK
r-patched-solaris-x86 0.2.0 271.50 OK
r-release-linux-x86_64 0.2.0 103.24 56.02 159.26 OK
r-release-windows-ix86+x86_64 0.2.0 308.00 134.00 442.00 OK
r-release-osx-x86_64 0.2.0 NOTE
r-oldrel-windows-ix86+x86_64 0.2.0 299.00 122.00 421.00 OK
r-oldrel-osx-x86_64 0.2.0 NOTE

Check Details

Version: 0.2.0
Check: installed package size
Result: NOTE
     installed size is 9.1Mb
     sub-directories of 1Mb or more:
     libs 8.8Mb
Flavors: r-devel-linux-x86_64-fedora-clang, r-release-osx-x86_64, r-oldrel-osx-x86_64