CRAN Package Check Results for Package dnet

Last updated on 2019-07-16 00:48:05 CEST.

Flavor Version Tinstall Tcheck Ttotal Status Flags
r-devel-linux-x86_64-debian-clang 1.1.4 17.52 138.28 155.80 OK
r-devel-linux-x86_64-debian-gcc 1.1.4 14.92 109.43 124.35 OK
r-devel-linux-x86_64-fedora-clang 1.1.4 185.76 OK
r-devel-linux-x86_64-fedora-gcc 1.1.4 191.60 OK
r-devel-windows-ix86+x86_64 1.1.4 36.00 152.00 188.00 OK
r-patched-linux-x86_64 1.1.4 17.83 136.84 154.67 OK
r-patched-solaris-x86 1.1.4 282.20 OK
r-release-linux-x86_64 1.1.4 15.22 136.89 152.11 OK
r-release-windows-ix86+x86_64 1.1.4 29.00 205.00 234.00 OK
r-release-osx-x86_64 1.1.4 ERROR
r-oldrel-windows-ix86+x86_64 1.1.4 28.00 135.00 163.00 OK
r-oldrel-osx-x86_64 1.1.4 OK

Check Details

Version: 1.1.4
Check: package dependencies
Result: ERROR
    Packages required but not available: 'supraHex', 'graph', 'Rgraphviz'
    
    Packages suggested but not available for checking: 'limma', 'Biobase'
    
    See section ‘The DESCRIPTION file’ in the ‘Writing R Extensions’
    manual.
Flavor: r-release-osx-x86_64