CRAN Package Check Results for Package doParallel

Last updated on 2019-10-23 00:47:49 CEST.

Flavor Version Tinstall Tcheck Ttotal Status Flags
r-devel-linux-x86_64-debian-clang 1.0.15 2.19 110.89 113.08 NOTE
r-devel-linux-x86_64-debian-gcc 1.0.15 1.91 84.27 86.18 NOTE
r-devel-linux-x86_64-fedora-clang 1.0.15 128.78 OK
r-devel-linux-x86_64-fedora-gcc 1.0.15 128.64 OK
r-devel-windows-ix86+x86_64 1.0.15 6.00 170.00 176.00 OK
r-patched-linux-x86_64 1.0.15 1.53 109.16 110.69 NOTE
r-patched-solaris-x86 1.0.15 267.00 OK
r-release-linux-x86_64 1.0.15 2.10 109.16 111.26 NOTE
r-release-windows-ix86+x86_64 1.0.15 8.00 125.00 133.00 OK
r-release-osx-x86_64 1.0.15 OK
r-oldrel-windows-ix86+x86_64 1.0.15 5.00 179.00 184.00 OK
r-oldrel-osx-x86_64 1.0.15 OK

Check Details

Version: 1.0.15
Check: R code for possible problems
Result: NOTE
    Found the following calls to attach():
    File 'doParallel/R/doParallel.R':
     attach(exportEnv)
    See section 'Good practice' in '?attach'.
Flavors: r-devel-linux-x86_64-debian-clang, r-devel-linux-x86_64-debian-gcc, r-patched-linux-x86_64, r-release-linux-x86_64