CRAN Package Check Results for Package doParallel

Last updated on 2019-07-16 00:48:05 CEST.

Flavor Version Tinstall Tcheck Ttotal Status Flags
r-devel-linux-x86_64-debian-clang 1.0.14 2.16 112.88 115.04 NOTE
r-devel-linux-x86_64-debian-gcc 1.0.14 1.70 88.43 90.13 NOTE
r-devel-linux-x86_64-fedora-clang 1.0.14 136.64 OK
r-devel-linux-x86_64-fedora-gcc 1.0.14 135.20 OK
r-devel-windows-ix86+x86_64 1.0.14 10.00 129.00 139.00 OK
r-patched-linux-x86_64 1.0.14 2.04 112.34 114.38 NOTE
r-patched-solaris-x86 1.0.14 282.10 OK
r-release-linux-x86_64 1.0.14 2.05 111.69 113.74 NOTE
r-release-windows-ix86+x86_64 1.0.14 4.00 167.00 171.00 OK
r-release-osx-x86_64 1.0.14 OK
r-oldrel-windows-ix86+x86_64 1.0.14 7.00 134.00 141.00 OK
r-oldrel-osx-x86_64 1.0.14 OK

Check Details

Version: 1.0.14
Check: R code for possible problems
Result: NOTE
    Found the following calls to attach():
    File 'doParallel/R/doParallel.R':
     attach(exportEnv)
    See section 'Good practice' in '?attach'.
Flavors: r-devel-linux-x86_64-debian-clang, r-devel-linux-x86_64-debian-gcc, r-patched-linux-x86_64, r-release-linux-x86_64