CRAN Package Check Results for Package dragon

Last updated on 2020-02-24 00:48:37 CET.

Flavor Version Tinstall Tcheck Ttotal Status Flags
r-devel-linux-x86_64-debian-clang 0.2.1 2.33 19.57 21.90 OK
r-devel-linux-x86_64-debian-gcc 0.2.1 OK
r-devel-linux-x86_64-fedora-clang 0.2.1 29.16 NOTE
r-devel-linux-x86_64-fedora-gcc 0.2.1 27.74 NOTE
r-devel-windows-ix86+x86_64 0.2.1 10.00 33.00 43.00 OK
r-devel-windows-ix86+x86_64-gcc8 0.2.1 16.00 48.00 64.00 OK
r-patched-linux-x86_64 0.2.1 OK
r-patched-solaris-x86 0.2.1 41.00 NOTE
r-release-linux-x86_64 0.2.1 2.01 17.86 19.87 OK
r-release-windows-ix86+x86_64 0.2.1 6.00 36.00 42.00 OK
r-release-osx-x86_64 0.2.1 NOTE
r-oldrel-windows-ix86+x86_64 0.2.1 5.00 34.00 39.00 OK
r-oldrel-osx-x86_64 0.2.1 NOTE

Check Details

Version: 0.2.1
Check: dependencies in R code
Result: NOTE
    Namespaces in Imports field not imported from:
     ‘DT’ ‘RColorBrewer’ ‘broom’ ‘colorspace’ ‘colourpicker’ ‘cowplot’
     ‘igraph’ ‘magrittr’ ‘shinyBS’ ‘shinyWidgets’ ‘shinydashboard’
     ‘shinythemes’ ‘tidyverse’ ‘visNetwork’
     All declared Imports should be used.
Flavors: r-devel-linux-x86_64-fedora-clang, r-devel-linux-x86_64-fedora-gcc, r-patched-solaris-x86, r-release-osx-x86_64, r-oldrel-osx-x86_64