CRAN Package Check Results for Package dragon

Last updated on 2019-09-21 00:52:39 CEST.

Flavor Version Tinstall Tcheck Ttotal Status Flags
r-devel-linux-x86_64-debian-clang 0.2.0 2.25 17.73 19.98 OK
r-devel-linux-x86_64-debian-gcc 0.2.0 1.96 15.11 17.07 OK
r-devel-linux-x86_64-fedora-clang 0.2.0 25.06 NOTE
r-devel-linux-x86_64-fedora-gcc 0.2.0 24.89 NOTE
r-devel-windows-ix86+x86_64 0.2.0 11.00 29.00 40.00 OK
r-patched-linux-x86_64 0.2.0 2.03 17.70 19.73 OK
r-patched-solaris-x86 0.2.0 40.60 NOTE
r-release-linux-x86_64 0.2.0 2.03 17.59 19.62 OK
r-release-windows-ix86+x86_64 0.2.0 7.00 33.00 40.00 OK
r-release-osx-x86_64 0.2.0 NOTE
r-oldrel-windows-ix86+x86_64 0.2.0 5.00 35.00 40.00 OK
r-oldrel-osx-x86_64 0.2.0 NOTE

Check Details

Version: 0.2.0
Check: dependencies in R code
Result: NOTE
    Namespaces in Imports field not imported from:
     ‘DT’ ‘RColorBrewer’ ‘broom’ ‘colorspace’ ‘colourpicker’ ‘cowplot’
     ‘igraph’ ‘magrittr’ ‘shinyBS’ ‘shinyWidgets’ ‘shinydashboard’
     ‘shinythemes’ ‘tidyverse’ ‘visNetwork’
     All declared Imports should be used.
Flavors: r-devel-linux-x86_64-fedora-clang, r-devel-linux-x86_64-fedora-gcc, r-patched-solaris-x86, r-release-osx-x86_64, r-oldrel-osx-x86_64