CRAN Package Check Results for Package dtables

Last updated on 2019-10-15 00:49:53 CEST.

Flavor Version Tinstall Tcheck Ttotal Status Flags
r-devel-linux-x86_64-debian-clang 0.2.0 2.64 24.24 26.88 NOTE
r-devel-linux-x86_64-debian-gcc 0.2.0 2.04 19.25 21.29 NOTE
r-devel-linux-x86_64-fedora-clang 0.2.0 32.90 NOTE
r-devel-linux-x86_64-fedora-gcc 0.2.0 31.43 NOTE
r-devel-windows-ix86+x86_64 0.2.0 6.00 59.00 65.00 OK
r-patched-linux-x86_64 0.2.0 2.34 23.65 25.99 OK
r-patched-solaris-x86 0.2.0 49.90 OK
r-release-linux-x86_64 0.2.0 2.01 23.54 25.55 OK
r-release-windows-ix86+x86_64 0.2.0 12.00 34.00 46.00 OK
r-release-osx-x86_64 0.2.0 OK
r-oldrel-windows-ix86+x86_64 0.2.0 4.00 33.00 37.00 OK
r-oldrel-osx-x86_64 0.2.0 OK

Check Details

Version: 0.2.0
Check: for non-standard things in the check directory
Result: NOTE
    Found the following files/directories:
     'iris2_2019-10-13.tsv'
Flavors: r-devel-linux-x86_64-debian-clang, r-devel-linux-x86_64-fedora-gcc

Version: 0.2.0
Check: for non-standard things in the check directory
Result: NOTE
    Found the following files/directories:
     ‘iris2_2019-10-14.tsv’
Flavor: r-devel-linux-x86_64-debian-gcc

Version: 0.2.0
Check: for non-standard things in the check directory
Result: NOTE
    Found the following files/directories:
     ‘iris2_2019-10-12.tsv’
Flavor: r-devel-linux-x86_64-fedora-clang