CRAN Package Check Results for Package dtwclust

Last updated on 2019-09-21 00:52:39 CEST.

Flavor Version Tinstall Tcheck Ttotal Status Flags
r-devel-linux-x86_64-debian-clang 5.5.5 136.88 335.01 471.89 NOTE
r-devel-linux-x86_64-debian-gcc 5.5.5 110.92 255.37 366.29 NOTE
r-devel-linux-x86_64-fedora-clang 5.5.5 490.45 NOTE
r-devel-linux-x86_64-fedora-gcc 5.5.5 623.44 NOTE
r-devel-windows-ix86+x86_64 5.5.5 416.00 543.00 959.00 ERROR
r-patched-linux-x86_64 5.5.5 123.42 326.74 450.16 NOTE
r-patched-solaris-x86 5.5.5 823.30 NOTE
r-release-linux-x86_64 5.5.4 119.56 324.31 443.87 WARN
r-release-windows-ix86+x86_64 5.5.4 302.00 428.00 730.00 NOTE
r-release-osx-x86_64 5.5.5 NOTE
r-oldrel-windows-ix86+x86_64 5.5.4 313.00 406.00 719.00 NOTE
r-oldrel-osx-x86_64 5.5.5 NOTE

Check Details

Version: 5.5.5
Check: for GNU extensions in Makefiles
Result: NOTE
    GNU make is a SystemRequirements.
Flavors: r-devel-linux-x86_64-debian-clang, r-devel-linux-x86_64-debian-gcc, r-devel-linux-x86_64-fedora-clang, r-devel-linux-x86_64-fedora-gcc, r-patched-linux-x86_64, r-patched-solaris-x86, r-release-osx-x86_64, r-oldrel-osx-x86_64

Version: 5.5.5
Check: installed package size
Result: NOTE
     installed size is 9.0Mb
     sub-directories of 1Mb or more:
     doc 2.6Mb
     libs 5.2Mb
Flavors: r-devel-linux-x86_64-fedora-clang, r-release-osx-x86_64, r-oldrel-osx-x86_64

Version: 5.5.5
Check: whether package can be installed
Result: ERROR
    Installation failed.
Flavor: r-devel-windows-ix86+x86_64

Version: 5.5.4
Check: for GNU extensions in Makefiles
Result: NOTE
    GNU make is a SystemRequirements.
Flavors: r-release-linux-x86_64, r-release-windows-ix86+x86_64, r-oldrel-windows-ix86+x86_64

Version: 5.5.4
Check: re-building of vignette outputs
Result: WARN
    Error(s) in re-building vignettes:
     ...
    --- re-building ‘parallelization-considerations.Rmd’ using rmarkdown_notangle
    --- finished re-building ‘parallelization-considerations.Rmd’
    
    --- re-building ‘timing-experiments.Rmd’ using rmarkdown_notangle
    --- finished re-building ‘timing-experiments.Rmd’
    
    --- re-building ‘dtwclust.Rnw’ using knitr_notangle
    Loading required package: cluster
    Warning in tsclust(CharTraj[1L:20L], type = "h", k = 4L, distance = "dtw_basic", :
     Distance matrix is not symmetric, and hierarchical clustering assumes it is (it ignores the upper triangular).
    Loading required package: doParallel
    Loading required package: foreach
    Loading required package: iterators
    Loading required package: parallel
    Loading required package: clue
    Error: processing vignette 'dtwclust.Rnw' failed with diagnostics:
    Running ‘texi2dvi’ on ‘dtwclust.tex’ failed.
    LaTeX errors:
    ! LaTeX Error: Command \subfloat already defined.
     Or name \end... illegal, see p.192 of the manual.
    
    See the LaTeX manual or LaTeX Companion for explanation.
    Type H <return> for immediate help.
    --- failed re-building ‘dtwclust.Rnw’
    
    SUMMARY: processing the following file failed:
     ‘dtwclust.Rnw’
    
    Error: Vignette re-building failed.
    Execution halted
Flavor: r-release-linux-x86_64

Version: 5.5.4
Check: installed package size
Result: NOTE
     installed size is 5.8Mb
     sub-directories of 1Mb or more:
     doc 2.5Mb
     libs 2.1Mb
Flavors: r-release-windows-ix86+x86_64, r-oldrel-windows-ix86+x86_64