CRAN Package Check Results for Package dtwclust

Last updated on 2019-06-21 00:52:04 CEST.

Flavor Version Tinstall Tcheck Ttotal Status Flags
r-devel-linux-x86_64-debian-clang 5.5.2 127.72 345.38 473.10 NOTE
r-devel-linux-x86_64-debian-gcc 5.5.2 107.79 262.35 370.14 NOTE
r-devel-linux-x86_64-fedora-clang 5.5.2 679.61 NOTE
r-devel-linux-x86_64-fedora-gcc 5.5.2 642.59 NOTE
r-devel-windows-ix86+x86_64 5.5.2 434.00 558.00 992.00 NOTE
r-patched-linux-x86_64 5.5.2 124.00 336.87 460.87 NOTE
r-patched-solaris-x86 5.5.2 977.10 NOTE
r-release-linux-x86_64 5.5.2 131.17 335.66 466.83 NOTE
r-release-windows-ix86+x86_64 5.5.2 425.00 550.00 975.00 NOTE
r-release-osx-x86_64 5.5.2 NOTE
r-oldrel-windows-ix86+x86_64 5.5.2 287.00 534.00 821.00 NOTE
r-oldrel-osx-x86_64 5.5.2 NOTE

Check Details

Version: 5.5.2
Check: for GNU extensions in Makefiles
Result: NOTE
    GNU make is a SystemRequirements.
Flavors: r-devel-linux-x86_64-debian-clang, r-devel-linux-x86_64-debian-gcc, r-devel-linux-x86_64-fedora-clang, r-devel-linux-x86_64-fedora-gcc, r-devel-windows-ix86+x86_64, r-patched-linux-x86_64, r-patched-solaris-x86, r-release-linux-x86_64, r-release-windows-ix86+x86_64, r-release-osx-x86_64, r-oldrel-windows-ix86+x86_64, r-oldrel-osx-x86_64

Version: 5.5.2
Check: installed package size
Result: NOTE
     installed size is 8.6Mb
     sub-directories of 1Mb or more:
     doc 2.5Mb
     libs 4.9Mb
Flavors: r-devel-linux-x86_64-fedora-clang, r-devel-windows-ix86+x86_64, r-release-windows-ix86+x86_64, r-release-osx-x86_64, r-oldrel-windows-ix86+x86_64, r-oldrel-osx-x86_64