CRAN Package Check Results for Package dynlm

Last updated on 2020-07-11 00:48:48 CEST.

Flavor Version Tinstall Tcheck Ttotal Status Flags
r-devel-linux-x86_64-debian-clang 0.3-6 5.22 44.35 49.57 NOTE
r-devel-linux-x86_64-debian-gcc 0.3-6 4.77 33.93 38.70 NOTE
r-devel-linux-x86_64-fedora-clang 0.3-6 68.56 NOTE
r-devel-linux-x86_64-fedora-gcc 0.3-6 58.48 NOTE
r-devel-windows-ix86+x86_64 0.3-6 17.00 61.00 78.00 OK
r-patched-linux-x86_64 0.3-6 5.21 41.92 47.13 NOTE
r-patched-solaris-x86 0.3-6 92.40 NOTE
r-release-linux-x86_64 0.3-6 5.73 42.48 48.21 NOTE
r-release-osx-x86_64 0.3-6 OK
r-release-windows-ix86+x86_64 0.3-6 14.00 67.00 81.00 OK
r-oldrel-osx-x86_64 0.3-6 OK
r-oldrel-windows-ix86+x86_64 0.3-6 12.00 63.00 75.00 OK

Check Details

Version: 0.3-6
Check: package dependencies
Result: NOTE
    Package suggested but not available for checking: 'TSA'
Flavors: r-devel-linux-x86_64-debian-clang, r-devel-linux-x86_64-debian-gcc, r-devel-linux-x86_64-fedora-clang, r-devel-linux-x86_64-fedora-gcc, r-patched-linux-x86_64, r-patched-solaris-x86, r-release-linux-x86_64