CRAN Package Check Results for Package dynparam

Last updated on 2019-08-26 00:47:23 CEST.

Flavor Version Tinstall Tcheck Ttotal Status Flags
r-devel-linux-x86_64-debian-clang 1.0.0 11.23 84.74 95.97 OK
r-devel-linux-x86_64-debian-gcc 1.0.0 7.62 65.59 73.21 OK
r-devel-linux-x86_64-fedora-clang 1.0.0 114.87 NOTE
r-devel-linux-x86_64-fedora-gcc 1.0.0 111.65 NOTE
r-devel-windows-ix86+x86_64 1.0.0 39.00 104.00 143.00 OK
r-patched-linux-x86_64 1.0.0 8.92 81.72 90.64 OK
r-patched-solaris-x86 1.0.0 176.20 NOTE
r-release-linux-x86_64 1.0.0 9.29 81.89 91.18 OK
r-release-windows-ix86+x86_64 1.0.0 46.00 155.00 201.00 OK
r-release-osx-x86_64 1.0.0 NOTE
r-oldrel-windows-ix86+x86_64 1.0.0 22.00 141.00 163.00 OK
r-oldrel-osx-x86_64 1.0.0 NOTE

Check Details

Version: 1.0.0
Check: dependencies in R code
Result: NOTE
    Namespace in Imports field not imported from: ‘testthat’
     All declared Imports should be used.
Flavors: r-devel-linux-x86_64-fedora-clang, r-devel-linux-x86_64-fedora-gcc, r-patched-solaris-x86, r-release-osx-x86_64, r-oldrel-osx-x86_64