CRAN Package Check Results for Package dynparam

Last updated on 2020-01-22 00:48:54 CET.

Flavor Version Tinstall Tcheck Ttotal Status Flags
r-devel-linux-x86_64-debian-clang 1.0.0 11.20 98.58 109.78 OK
r-devel-linux-x86_64-debian-gcc 1.0.0 10.09 76.68 86.77 OK
r-devel-linux-x86_64-fedora-clang 1.0.0 131.25 NOTE
r-devel-linux-x86_64-fedora-gcc 1.0.0 128.41 NOTE
r-devel-windows-ix86+x86_64 1.0.0 42.00 154.00 196.00 OK
r-devel-windows-ix86+x86_64-gcc8 1.0.0 38.00 122.00 160.00 OK
r-patched-linux-x86_64 1.0.0 9.89 84.69 94.58 OK
r-patched-solaris-x86 1.0.0 172.80 NOTE
r-release-linux-x86_64 1.0.0 11.44 85.16 96.60 OK
r-release-windows-ix86+x86_64 1.0.0 20.00 172.00 192.00 OK
r-release-osx-x86_64 1.0.0 NOTE
r-oldrel-windows-ix86+x86_64 1.0.0 13.00 102.00 115.00 OK
r-oldrel-osx-x86_64 1.0.0 NOTE

Check Details

Version: 1.0.0
Check: dependencies in R code
Result: NOTE
    Namespace in Imports field not imported from: ‘testthat’
     All declared Imports should be used.
Flavors: r-devel-linux-x86_64-fedora-clang, r-devel-linux-x86_64-fedora-gcc, r-patched-solaris-x86, r-release-osx-x86_64, r-oldrel-osx-x86_64